Last updated on 2014-09-12 01:48:08.
Flavor | Version | Tinstall | Tcheck | Ttotal | Status | Flags |
---|---|---|---|---|---|---|
r-devel-linux-x86_64-debian-clang | 1.0.2 | 1.22 | 36.63 | 37.85 | NOTE | |
r-devel-linux-x86_64-debian-gcc | 1.0.2 | 1.14 | 36.16 | 37.30 | NOTE | |
r-devel-linux-x86_64-fedora-clang | 1.0.2 | 65.14 | NOTE | |||
r-devel-linux-x86_64-fedora-gcc | 1.0.2 | 60.14 | NOTE | |||
r-devel-osx-x86_64-clang | 1.0.2 | 66.34 | NOTE | |||
r-devel-windows-ix86+x86_64 | 1.0.2 | 4.00 | 51.00 | 55.00 | NOTE | |
r-patched-linux-x86_64 | 1.0.2 | 1.20 | 36.86 | 38.05 | NOTE | |
r-patched-solaris-sparc | 1.0.2 | 430.00 | NOTE | |||
r-patched-solaris-x86 | 1.0.2 | 89.70 | NOTE | |||
r-release-linux-ix86 | 1.0.2 | 1.68 | 49.72 | 51.40 | NOTE | |
r-release-linux-x86_64 | 1.0.2 | 1.22 | 37.63 | 38.85 | NOTE | |
r-release-osx-x86_64-mavericks | 1.0.2 | NOTE | ||||
r-release-osx-x86_64-snowleopard | 1.0.2 | NOTE | ||||
r-release-windows-ix86+x86_64 | 1.0.2 | 4.00 | 55.00 | 59.00 | NOTE | |
r-oldrel-windows-ix86+x86_64 | 1.0.2 | 4.00 | 57.00 | 61.00 | NOTE |
Version: 1.0.2
Check: R code for possible problems
Result: NOTE
Found the following possibly unsafe calls:
File ‘matlab/R/zzz.R’:
unlockBinding("savedTime", .MatlabNamespaceEnv)
Flavors: r-devel-linux-x86_64-debian-clang, r-devel-linux-x86_64-debian-gcc, r-devel-linux-x86_64-fedora-clang, r-devel-linux-x86_64-fedora-gcc, r-devel-osx-x86_64-clang, r-devel-windows-ix86+x86_64, r-patched-linux-x86_64, r-patched-solaris-sparc, r-patched-solaris-x86, r-release-linux-ix86, r-release-linux-x86_64, r-release-osx-x86_64-mavericks, r-release-osx-x86_64-snowleopard, r-release-windows-ix86+x86_64, r-oldrel-windows-ix86+x86_64