Last updated on 2014-09-12 01:48:09.
Flavor | Version | Tinstall | Tcheck | Ttotal | Status | Flags |
---|---|---|---|---|---|---|
r-devel-linux-x86_64-debian-clang | 2.22 | 8.10 | 58.77 | 66.87 | NOTE | |
r-devel-linux-x86_64-debian-gcc | 2.22 | 8.46 | 56.59 | 65.05 | NOTE | |
r-devel-linux-x86_64-fedora-clang | 2.22 | 136.38 | NOTE | |||
r-devel-linux-x86_64-fedora-gcc | 2.22 | 132.13 | NOTE | |||
r-devel-osx-x86_64-clang | 2.22 | 105.07 | NOTE | |||
r-devel-windows-ix86+x86_64 | 2.22 | 32.00 | 133.00 | 165.00 | NOTE | |
r-patched-linux-x86_64 | 2.22 | 8.62 | 62.87 | 71.49 | OK | |
r-patched-solaris-sparc | 2.22 | 888.80 | OK | |||
r-patched-solaris-x86 | 2.22 | 177.00 | OK | |||
r-release-linux-ix86 | 2.22 | 11.21 | 84.07 | 95.28 | OK | |
r-release-linux-x86_64 | 2.22 | 8.72 | 63.61 | 72.32 | OK | |
r-release-osx-x86_64-mavericks | 2.22 | OK | ||||
r-release-osx-x86_64-snowleopard | 2.22 | OK | ||||
r-release-windows-ix86+x86_64 | 2.22 | 33.00 | 145.00 | 178.00 | OK | |
r-oldrel-windows-ix86+x86_64 | 2.22 | 34.00 | 155.00 | 189.00 | OK |
Version: 2.22
Check: R code for possible problems
Result: NOTE
appendbreak: no visible global function definition for ‘bs’
bwplot.mids: no visible global function definition for
‘lattice.getOption’
bwplot.mids: no visible global function definition for
‘latticeParseFormula’
densityplot.mids: no visible global function definition for
‘lattice.getOption’
densityplot.mids: no visible global function definition for
‘latticeParseFormula’
extractBS: no visible global function definition for ‘ranef’
extractBS: no visible global function definition for ‘fixef’
mice.impute.2l.pan: no visible global function definition for ‘pan’
nelsonaalen: no visible global function definition for ‘basehaz’
nelsonaalen: no visible global function definition for ‘coxph’
plot.mids : strip.combined: no visible global function definition for
‘panel.rect’
plot.mids : strip.combined: no visible global function definition for
‘panel.text’
pool: no visible global function definition for ‘fixef’
stripplot.mids: no visible global function definition for
‘lattice.getOption’
stripplot.mids: no visible global function definition for
‘latticeParseFormula’
xyplot.mids: no visible global function definition for
‘lattice.getOption’
xyplot.mids: no visible global function definition for
‘latticeParseFormula’
Flavors: r-devel-linux-x86_64-debian-clang, r-devel-linux-x86_64-debian-gcc, r-devel-linux-x86_64-fedora-clang, r-devel-linux-x86_64-fedora-gcc, r-devel-osx-x86_64-clang, r-devel-windows-ix86+x86_64