Last updated on 2014-09-12 01:48:09.
Flavor | Version | Tinstall | Tcheck | Ttotal | Status | Flags |
---|---|---|---|---|---|---|
r-devel-linux-x86_64-debian-clang | 1.0-9 | 0.75 | 23.79 | 24.54 | NOTE | |
r-devel-linux-x86_64-debian-gcc | 1.0-9 | 0.69 | 23.75 | 24.44 | NOTE | |
r-devel-linux-x86_64-fedora-clang | 1.0-9 | 47.19 | NOTE | |||
r-devel-linux-x86_64-fedora-gcc | 1.0-9 | 43.41 | NOTE | |||
r-devel-osx-x86_64-clang | 1.0-9 | 43.91 | NOTE | |||
r-devel-windows-ix86+x86_64 | 1.0-9 | 3.00 | 30.00 | 33.00 | NOTE | |
r-patched-linux-x86_64 | 1.0-9 | 0.72 | 24.67 | 25.39 | NOTE | |
r-patched-solaris-sparc | 1.0-9 | 297.80 | NOTE | |||
r-patched-solaris-x86 | 1.0-9 | 56.50 | NOTE | |||
r-release-linux-ix86 | 1.0-9 | 1.08 | 35.46 | 36.53 | NOTE | |
r-release-linux-x86_64 | 1.0-9 | 0.74 | 24.93 | 25.67 | NOTE | |
r-release-osx-x86_64-mavericks | 1.0-9 | NOTE | ||||
r-release-osx-x86_64-snowleopard | 1.0-9 | OK | ||||
r-release-windows-ix86+x86_64 | 1.0-9 | 4.00 | 36.00 | 40.00 | NOTE | |
r-oldrel-windows-ix86+x86_64 | 1.0-9 | 3.00 | 33.00 | 36.00 | NOTE |
Version: 1.0-9
Check: dependencies in R code
Result: NOTE
Package in Depends field not imported from: ‘mvtnorm’
These packages need to be imported from (in the NAMESPACE file)
for when this namespace is loaded but not attached.
See the information on DESCRIPTION files in the chapter ‘Creating R
packages’ of the ‘Writing R Extensions’ manual.
Flavors: r-devel-linux-x86_64-debian-clang, r-devel-linux-x86_64-debian-gcc, r-devel-linux-x86_64-fedora-clang, r-devel-linux-x86_64-fedora-gcc, r-devel-osx-x86_64-clang, r-devel-windows-ix86+x86_64, r-patched-linux-x86_64, r-patched-solaris-sparc, r-patched-solaris-x86, r-release-linux-ix86, r-release-linux-x86_64, r-release-osx-x86_64-mavericks, r-release-windows-ix86+x86_64, r-oldrel-windows-ix86+x86_64
Version: 1.0-9
Check: R code for possible problems
Result: NOTE
dmvSN: no visible global function definition for ‘dmvnorm’
dmvSNC: no visible global function definition for ‘dmvnorm’
gen.SN.multi: no visible global function definition for ‘rmvnorm’
im.smsn: no visible global function definition for ‘dmvnorm’
imm.smsn: no visible global function definition for ‘dmvnorm’
mix.contour : mixed.Normal: no visible global function definition for
‘dmvnorm’
mix.contour : mixed.SN: no visible global function definition for
‘dmvnorm’
mix.contour : mixed.SNC: no visible global function definition for
‘dmvnorm’
smsn.mmix: no visible global function definition for ‘dmvnorm’
Flavors: r-devel-linux-x86_64-debian-clang, r-devel-linux-x86_64-debian-gcc, r-devel-linux-x86_64-fedora-clang, r-devel-linux-x86_64-fedora-gcc, r-devel-osx-x86_64-clang, r-devel-windows-ix86+x86_64