Last updated on 2014-09-12 01:48:09.
Flavor | Version | Tinstall | Tcheck | Ttotal | Status | Flags |
---|---|---|---|---|---|---|
r-devel-linux-x86_64-debian-clang | 0.2-4 | 1.73 | 77.26 | 78.99 | OK | |
r-devel-linux-x86_64-debian-gcc | 0.2-4 | 1.42 | 76.97 | 78.39 | OK | |
r-devel-linux-x86_64-fedora-clang | 0.2-4 | 190.70 | OK | |||
r-devel-linux-x86_64-fedora-gcc | 0.2-4 | 187.44 | OK | |||
r-devel-osx-x86_64-clang | 0.2-4 | 154.56 | OK | |||
r-devel-windows-ix86+x86_64 | 0.2-4 | 7.00 | 115.00 | 122.00 | OK | |
r-patched-linux-x86_64 | 0.2-4 | 1.47 | 81.14 | 82.62 | OK | |
r-patched-solaris-sparc | 0.2-4 | 1015.10 | OK | |||
r-patched-solaris-x86 | 0.2-4 | 245.00 | OK | |||
r-release-linux-ix86 | 0.2-4 | 2.08 | 102.27 | 104.35 | OK | |
r-release-linux-x86_64 | 0.2-4 | 1.51 | 87.85 | 89.36 | OK | |
r-release-osx-x86_64-mavericks | 0.2-4 | NOTE | ||||
r-release-osx-x86_64-snowleopard | 0.2-4 | OK | ||||
r-release-windows-ix86+x86_64 | 0.2-4 | 5.00 | 130.00 | 135.00 | OK | |
r-oldrel-windows-ix86+x86_64 | 0.2-4 | 7.00 | 124.00 | 131.00 | OK |
Version: 0.2-4
Check: re-building of vignette outputs
Result: NOTE
Error in re-building vignettes:
...
Loading required package: Formula
Loading required package: maxLik
Loading required package: miscTools
Please cite the 'maxLik' package as:
Henningsen, Arne and Toomet, Ott (2011). maxLik: A package for maximum likelihood estimation in R. Computational Statistics 26(3), 443-458. DOI 10.1007/s00180-010-0217-1.
If you have questions, suggestions, or comments regarding the 'maxLik' package, please use a forum or 'tracker' at maxLik's R-Forge site:
https://r-forge.r-project.org/projects/maxlik/
Error in texi2dvi(file = file, pdf = TRUE, clean = clean, quiet = quiet, :
Running 'texi2dvi' on 'Exercises.tex' failed.
LaTeX errors:
! LaTeX Error: File `ucs.sty' not found.
Type X to quit or <RETURN> to proceed,
or enter new name. (Default extension: sty)
./mlogit.sty:4: ==> Fatal error occurred, no output PDF file produced!
Calls: buildVignettes -> texi2pdf -> texi2dvi
Execution halted
Flavor: r-release-osx-x86_64-mavericks