CRAN Package Check Results for Package modiscloud

Last updated on 2014-09-12 01:48:09.

Flavor Version Tinstall Tcheck Ttotal Status Flags
r-devel-linux-x86_64-debian-clang 0.14 3.88 36.29 40.17 NOTE
r-devel-linux-x86_64-debian-gcc 0.14 3.74 35.20 38.94 NOTE
r-devel-linux-x86_64-fedora-clang 0.14 92.74 NOTE
r-devel-linux-x86_64-fedora-gcc 0.14 89.27 NOTE
r-devel-osx-x86_64-clang 0.14 74.97 NOTE
r-devel-windows-ix86+x86_64 0.14 11.00 53.00 64.00 NOTE
r-patched-linux-x86_64 0.14 3.92 38.06 41.98 NOTE
r-patched-solaris-sparc 0.14 564.30 NOTE
r-patched-solaris-x86 0.14 142.00 NOTE
r-release-linux-ix86 0.14 4.77 49.28 54.05 NOTE
r-release-linux-x86_64 0.14 4.02 38.82 42.85 NOTE
r-release-osx-x86_64-mavericks 0.14 ERROR
r-release-osx-x86_64-snowleopard 0.14 NOTE
r-release-windows-ix86+x86_64 0.14 10.00 57.00 67.00 NOTE
r-oldrel-windows-ix86+x86_64 0.14 11.00 57.00 68.00 NOTE

Check Details

Version: 0.14
Check: dependencies in R code
Result: NOTE
    'library' or 'require' calls to packages already attached by Depends:
     ‘date’ ‘raster’ ‘rgdal’ ‘sfsmisc’
     Please remove these calls from your code.
    Packages in Depends field not imported from:
     ‘date’ ‘raster’ ‘rgdal’ ‘sfsmisc’ ‘sp’
     These packages need to be imported from (in the NAMESPACE file)
     for when this namespace is loaded but not attached.
    See the information on DESCRIPTION files in the chapter ‘Creating R
    packages’ of the ‘Writing R Extensions’ manual.
Flavors: r-devel-linux-x86_64-debian-clang, r-devel-linux-x86_64-debian-gcc, r-devel-linux-x86_64-fedora-clang, r-devel-linux-x86_64-fedora-gcc, r-devel-osx-x86_64-clang, r-devel-windows-ix86+x86_64, r-patched-linux-x86_64, r-patched-solaris-sparc, r-patched-solaris-x86, r-release-linux-ix86, r-release-linux-x86_64, r-release-windows-ix86+x86_64, r-oldrel-windows-ix86+x86_64

Version: 0.14
Check: R code for possible problems
Result: NOTE
    byteint2bit: no visible global function definition for ‘digitsBase’
    extract_bit: no visible global function definition for ‘digitsBase’
    get_bitgrid: no visible global function definition for ‘raster’
    get_bitgrid: no visible global function definition for ‘coordinates’
    get_bitgrid: no visible global function definition for ‘extract’
    get_bitgrid_2bits: no visible global function definition for ‘raster’
    get_bitgrid_2bits: no visible global function definition for
     ‘coordinates’
    get_bitgrid_2bits: no visible global function definition for ‘extract’
    make_cloudcount_product: no visible global function definition for
     ‘CRS’
    make_cloudcount_product: no visible global function definition for
     ‘proj4string’
    make_cloudcount_product: no visible global function definition for
     ‘extent’
    make_cloudcount_product: no visible global function definition for
     ‘coordinates<-’
    make_cloudcount_product: no visible global function definition for
     ‘SpatialPixelsDataFrame’
    make_cloudcount_product: no visible global function definition for
     ‘coordinates’
    numslist_to_grd: no visible global function definition for ‘CRS’
    numslist_to_grd: no visible global function definition for
     ‘proj4string’
    numslist_to_grd: no visible global function definition for ‘extent’
    numslist_to_grd: no visible global function definition for
     ‘coordinates<-’
    numslist_to_grd: no visible global function definition for
     ‘SpatialPixelsDataFrame’
    numslist_to_grd: no visible global function definition for
     ‘coordinates’
    yearday_to_date: no visible global function definition for ‘mdy.date’
    yearday_to_date: no visible global function definition for ‘date.mdy’
    yearmonthday_to_julianday: no visible global function definition for
     ‘mdy.date’
Flavors: r-devel-linux-x86_64-debian-clang, r-devel-linux-x86_64-debian-gcc, r-devel-linux-x86_64-fedora-clang, r-devel-linux-x86_64-fedora-gcc, r-devel-osx-x86_64-clang, r-devel-windows-ix86+x86_64

Version: 0.14
Check: Rd line widths
Result: NOTE
    Rd file 'check_for_matching_geolocation_files.Rd':
     \examples lines wider than 100 characters:
     # The modiscdata (MODIS c=cloud data=data) package is too big for CRAN (60 MB); so it is available on github:
     check_for_matching_geolocation_files(moddir=moddir, modtxt="MOD35_L2", geoloctxt="MOD03", return_geoloc=FALSE, return_product=FALSE)
     check_for_matching_geolocation_files(moddir=moddir, modtxt="MYD35_L2", geoloctxt="MYD03", return_geoloc=FALSE, return_product=FALSE)
    
    Rd file 'extract_fn_from_path.Rd':
     \examples lines wider than 100 characters:
     fn_with_path = "/Library/Frameworks/R.framework/Versions/2.15/Resources/library/modiscloud/extdata/2002raw/MYD35_L2.A2002185.1910.005.2 ... [TRUNCATED]
    
    Rd file 'get_bitgrid.Rd':
     \examples lines wider than 100 characters:
     # The modiscdata (MODIS c=cloud data=data) package is too big for CRAN (60 MB); so it is available on github:
    
    Rd file 'get_bitgrid_2bits.Rd':
     \examples lines wider than 100 characters:
     # The modiscdata (MODIS c=cloud data=data) package is too big for CRAN (60 MB); so it is available on github:
    
    Rd file 'modiscloud-package.Rd':
     \examples lines wider than 100 characters:
     # The modiscdata (MODIS c=cloud data=data) package is too big for CRAN (60 MB); so it is available on github:
     fns_df = check_for_matching_geolocation_files(moddir=moddir, modtxt="MYD35_L2", geoloctxt="MYD03", return_geoloc=FALSE, return_product= ... [TRUNCATED]
     # The modiscdata (MODIS c=cloud data=data) package is too big for CRAN (60 MB); so it is available on github:
     prmfn = write_MRTSwath_param_file(prmfn="tmpMRTparams.prm", tifsdir=tifsdir, modfn=fns_df$mod35_L2_fns[i], geoloc_fn=fns_df$mod ... [TRUNCATED]
     run_swath2grid(mrtpath="swath2grid", prmfn="tmpMRTparams.prm", tifsdir=tifsdir, modfn=fns_df$mod35_L2_fns[i], geoloc_fn=fns_df$ ... [TRUNCATED]
     # The modiscdata (MODIS c=cloud data=data) package is too big for CRAN (60 MB); so it is available on github:
     # The modiscdata (MODIS c=cloud data=data) package is too big for CRAN (60 MB); so it is available on github:
     # Note: Don't run the double-commented lines unless you want to collapse different bit values.
    
    Rd file 'numslist_to_grd.Rd':
     \examples lines wider than 100 characters:
     # The modiscdata (MODIS c=cloud data=data) package is too big for CRAN (60 MB); so it is available on github:
    
    Rd file 'run_swath2grid.Rd':
     \examples lines wider than 100 characters:
     # The modiscdata (MODIS c=cloud data=data) package is too big for CRAN (60 MB); so it is available on github:
     prmfn = write_MRTSwath_param_file(prmfn="tmpMRTparams.prm", tifsdir=tifsdir, modfn=fns_df$mod35_L2_fns[i], geoloc_fn=fns_df$mod ... [TRUNCATED]
     run_swath2grid(mrtpath="swath2grid", prmfn="tmpMRTparams.prm", tifsdir=tifsdir, modfn=fns_df$mod35_L2_fns[i], geoloc_fn=fns_df$ ... [TRUNCATED]
    
    Rd file 'slashslash.Rd':
     \examples lines wider than 100 characters:
     tmpstr = "/Library/Frameworks/R.framework/Versions/2.15/Resources/library/modiscloud/extdata/2002raw//MYD03.A2002185.0645.005.200919203 ... [TRUNCATED]
    
    Rd file 'write_MRTSwath_param_file.Rd':
     \examples lines wider than 100 characters:
     # The modiscdata (MODIS c=cloud data=data) package is too big for CRAN (60 MB); so it is available on github:
     prmfn = write_MRTSwath_param_file(prmfn="tmpMRTparams.prm", tifsdir=tifsdir, modfn=fns_df$mod35_L2_fns[i], geoloc_fn=fns_df$mod ... [TRUNCATED]
    
    These lines will be truncated in the PDF manual.
Flavors: r-devel-linux-x86_64-fedora-clang, r-devel-linux-x86_64-fedora-gcc

Version: 0.14
Check: package dependencies
Result: ERROR
    Package required but not available: ‘rgdal’
    
    See the information on DESCRIPTION files in the chapter ‘Creating R
    packages’ of the ‘Writing R Extensions’ manual.
Flavor: r-release-osx-x86_64-mavericks

Version: 0.14
Check: dependencies in R code
Result: NOTE
    'library' or 'require' calls to packages already attached by Depends:
     'date' 'raster' 'rgdal' 'sfsmisc'
     Please remove these calls from your code.
    See the information on DESCRIPTION files in the chapter 'Creating R
    packages' of the 'Writing R Extensions' manual.
Flavor: r-release-osx-x86_64-snowleopard