Last updated on 2014-09-12 01:48:10.
Flavor | Version | Tinstall | Tcheck | Ttotal | Status | Flags |
---|---|---|---|---|---|---|
r-devel-linux-x86_64-debian-clang | 2013.03.29 | 1.21 | 23.20 | 24.41 | NOTE | |
r-devel-linux-x86_64-debian-gcc | 2013.03.29 | 0.82 | 23.72 | 24.54 | NOTE | |
r-devel-linux-x86_64-fedora-clang | 2013.03.29 | 58.06 | NOTE | |||
r-devel-linux-x86_64-fedora-gcc | 2013.03.29 | 55.44 | NOTE | |||
r-devel-osx-x86_64-clang | 2013.03.29 | 50.35 | NOTE | |||
r-devel-windows-ix86+x86_64 | 2013.03.29 | 3.00 | 36.00 | 39.00 | NOTE | |
r-patched-linux-x86_64 | 2013.03.29 | 0.90 | 22.23 | 23.12 | NOTE | |
r-patched-solaris-sparc | 2013.03.29 | 356.70 | NOTE | |||
r-patched-solaris-x86 | 2013.03.29 | 107.00 | NOTE | |||
r-release-linux-ix86 | 2013.03.29 | 1.53 | 32.98 | 34.51 | NOTE | |
r-release-linux-x86_64 | 2013.03.29 | 0.92 | 22.89 | 23.81 | NOTE | |
r-release-osx-x86_64-mavericks | 2013.03.29 | NOTE | ||||
r-release-windows-ix86+x86_64 | 2013.03.29 | 5.00 | 32.00 | 37.00 | NOTE | |
r-oldrel-windows-ix86+x86_64 | 2013.03.29 | 2.00 | 35.00 | 37.00 | NOTE |
Version: 2013.03.29
Check: installed package size
Result: NOTE
installed size is 9.5Mb
sub-directories of 1Mb or more:
data 9.4Mb
Flavors: r-devel-linux-x86_64-debian-clang, r-devel-linux-x86_64-debian-gcc, r-devel-linux-x86_64-fedora-clang, r-devel-linux-x86_64-fedora-gcc, r-devel-osx-x86_64-clang, r-devel-windows-ix86+x86_64, r-patched-linux-x86_64, r-patched-solaris-sparc, r-patched-solaris-x86, r-release-linux-ix86, r-release-linux-x86_64, r-release-osx-x86_64-mavericks, r-release-windows-ix86+x86_64, r-oldrel-windows-ix86+x86_64