Last updated on 2014-09-12 01:48:10.
Flavor | Version | Tinstall | Tcheck | Ttotal | Status | Flags |
---|---|---|---|---|---|---|
r-devel-linux-x86_64-debian-clang | 0.1 | 5.91 | 12.39 | 18.30 | NOTE | |
r-devel-linux-x86_64-debian-gcc | 0.1 | 5.90 | 11.96 | 17.86 | NOTE | |
r-devel-linux-x86_64-fedora-clang | 0.1 | 38.81 | NOTE | |||
r-devel-linux-x86_64-fedora-gcc | 0.1 | 38.14 | NOTE | |||
r-devel-osx-x86_64-clang | 0.1 | 44.87 | NOTE | |||
r-devel-windows-ix86+x86_64 | 0.1 | 12.00 | 21.00 | 33.00 | NOTE | |
r-patched-linux-x86_64 | 0.1 | 5.72 | 12.46 | 18.18 | NOTE | |
r-patched-solaris-sparc | 0.1 | 233.50 | NOTE | |||
r-patched-solaris-x86 | 0.1 | 63.30 | NOTE | |||
r-release-linux-ix86 | 0.1 | 8.20 | 20.09 | 28.29 | NOTE | |
r-release-linux-x86_64 | 0.1 | 5.91 | 12.94 | 18.86 | NOTE | |
r-release-osx-x86_64-mavericks | 0.1 | NOTE | ||||
r-release-osx-x86_64-snowleopard | 0.1 | NOTE | ||||
r-release-windows-ix86+x86_64 | 0.1 | 11.00 | 20.00 | 31.00 | NOTE |
Version: 0.1
Check: installed package size
Result: NOTE
installed size is 5.6Mb
sub-directories of 1Mb or more:
data 5.5Mb
Flavors: r-devel-linux-x86_64-debian-clang, r-devel-linux-x86_64-debian-gcc, r-devel-linux-x86_64-fedora-clang, r-devel-linux-x86_64-fedora-gcc, r-devel-osx-x86_64-clang, r-devel-windows-ix86+x86_64, r-patched-linux-x86_64, r-patched-solaris-sparc, r-patched-solaris-x86, r-release-linux-ix86, r-release-linux-x86_64, r-release-osx-x86_64-mavericks, r-release-osx-x86_64-snowleopard, r-release-windows-ix86+x86_64