Last updated on 2014-09-12 01:48:11.
Flavor | Version | Tinstall | Tcheck | Ttotal | Status | Flags |
---|---|---|---|---|---|---|
r-devel-linux-x86_64-debian-clang | 0.9-1 | 1.42 | 22.11 | 23.52 | NOTE | |
r-devel-linux-x86_64-debian-gcc | 0.9-1 | 1.40 | 21.91 | 23.31 | NOTE | |
r-devel-linux-x86_64-fedora-clang | 0.9-1 | 47.55 | NOTE | |||
r-devel-linux-x86_64-fedora-gcc | 0.9-1 | 42.43 | NOTE | |||
r-devel-osx-x86_64-clang | 0.9-1 | 44.86 | NOTE | |||
r-devel-windows-ix86+x86_64 | 0.9-1 | 4.00 | 34.00 | 38.00 | NOTE | |
r-patched-linux-x86_64 | 0.9-1 | 1.51 | 23.72 | 25.23 | NOTE | |
r-patched-solaris-sparc | 0.9-1 | 292.90 | NOTE | |||
r-patched-solaris-x86 | 0.9-1 | 64.80 | NOTE | |||
r-release-linux-ix86 | 0.9-1 | 1.94 | 31.14 | 33.08 | NOTE | |
r-release-linux-x86_64 | 0.9-1 | 1.70 | 23.08 | 24.78 | NOTE | |
r-release-osx-x86_64-mavericks | 0.9-1 | NOTE | ||||
r-release-windows-ix86+x86_64 | 0.9-1 | 5.00 | 35.00 | 40.00 | NOTE | |
r-oldrel-windows-ix86+x86_64 | 0.9-1 | 4.00 | 40.00 | 44.00 | NOTE |
Version: 0.9-1
Check: dependencies in R code
Result: NOTE
Packages in Depends field not imported from:
‘methods’ ‘parallel’ ‘tools’
These packages need to be imported from (in the NAMESPACE file)
for when this namespace is loaded but not attached.
See the information on DESCRIPTION files in the chapter ‘Creating R
packages’ of the ‘Writing R Extensions’ manual.
Flavors: r-devel-linux-x86_64-debian-clang, r-devel-linux-x86_64-debian-gcc, r-devel-linux-x86_64-fedora-clang, r-devel-linux-x86_64-fedora-gcc, r-devel-osx-x86_64-clang, r-devel-windows-ix86+x86_64, r-patched-linux-x86_64, r-patched-solaris-sparc, r-patched-solaris-x86
Version: 0.9-1
Check: R code for possible problems
Result: NOTE
clapply_cluster: no visible global function definition for
‘makeCluster’
clapply_cluster: no visible global function definition for
‘clusterSetRNGStream’
clapply_cluster: no visible global function definition for
‘clusterExport’
clapply_cluster: no visible global function definition for
‘clusterApply’
clapply_cluster: no visible global function definition for
‘clusterApplyLB’
clapply_cluster: no visible global function definition for
‘stopCluster’
md5sumString: no visible global function definition for ‘md5sum’
writeRdocumentationToDir: no visible global function definition for
‘list_files_with_exts’
Flavors: r-devel-linux-x86_64-debian-clang, r-devel-linux-x86_64-debian-gcc, r-devel-linux-x86_64-fedora-clang, r-devel-linux-x86_64-fedora-gcc, r-devel-osx-x86_64-clang, r-devel-windows-ix86+x86_64
Version: 0.9-1
Check: dependencies in R code
Result: NOTE
Package in Depends field not imported from: ‘methods’
These packages need to be imported from (in the NAMESPACE file)
for when this namespace is loaded but not attached.
See the information on DESCRIPTION files in the chapter ‘Creating R
packages’ of the ‘Writing R Extensions’ manual.
Flavors: r-release-linux-ix86, r-release-linux-x86_64, r-release-osx-x86_64-mavericks, r-release-windows-ix86+x86_64, r-oldrel-windows-ix86+x86_64