Last updated on 2014-09-12 01:48:11.
Flavor | Version | Tinstall | Tcheck | Ttotal | Status | Flags |
---|---|---|---|---|---|---|
r-devel-linux-x86_64-debian-clang | 1.5-1 | 3.18 | 54.66 | 57.84 | OK | |
r-devel-linux-x86_64-debian-gcc | 1.5-1 | 2.96 | 52.70 | 55.65 | OK | |
r-devel-linux-x86_64-fedora-clang | 1.5-1 | 125.80 | OK | |||
r-devel-linux-x86_64-fedora-gcc | 1.5-1 | 113.64 | OK | |||
r-devel-osx-x86_64-clang | 1.5-1 | 103.37 | OK | |||
r-devel-windows-ix86+x86_64 | 1.5-1 | 9.00 | 80.00 | 89.00 | OK | |
r-patched-linux-x86_64 | 1.5-1 | 3.05 | 62.60 | 65.65 | OK | |
r-patched-solaris-sparc | 1.5-1 | 738.20 | NOTE | |||
r-patched-solaris-x86 | 1.5-1 | 150.70 | NOTE | |||
r-release-linux-ix86 | 1.5-1 | 3.75 | 71.32 | 75.08 | OK | |
r-release-linux-x86_64 | 1.5-1 | 3.06 | 57.71 | 60.77 | OK | |
r-release-osx-x86_64-mavericks | 1.5-1 | NOTE | ||||
r-release-osx-x86_64-snowleopard | 1.5-1 | OK | ||||
r-release-windows-ix86+x86_64 | 1.5-1 | 11.00 | 84.00 | 95.00 | OK | |
r-oldrel-windows-ix86+x86_64 | 1.5-1 | 10.00 | 79.00 | 89.00 | OK |
Version: 1.5-1
Check: package dependencies
Result: NOTE
Package suggested but not available for checking: ‘Rsymphony’
Flavors: r-patched-solaris-sparc, r-patched-solaris-x86, r-release-osx-x86_64-mavericks