Last updated on 2014-09-12 01:48:15.
Flavor | Version | Tinstall | Tcheck | Ttotal | Status | Flags |
---|---|---|---|---|---|---|
r-devel-linux-x86_64-debian-clang | 0.2-1.1 | 2.54 | 20.67 | 23.21 | NOTE | |
r-devel-linux-x86_64-debian-gcc | 0.2-1.1 | 2.36 | 19.91 | 22.27 | NOTE | |
r-devel-linux-x86_64-fedora-clang | 0.2-1.1 | 45.59 | NOTE | |||
r-devel-linux-x86_64-fedora-gcc | 0.2-1.1 | 42.29 | NOTE | |||
r-devel-osx-x86_64-clang | 0.2-1.1 | 40.85 | NOTE | |||
r-devel-windows-ix86+x86_64 | 0.2-1.1 | 14.00 | 31.00 | 45.00 | NOTE | |
r-patched-linux-x86_64 | 0.2-1.1 | 2.69 | 20.92 | 23.61 | NOTE | |
r-patched-solaris-sparc | 0.2-1.1 | 288.20 | NOTE | |||
r-patched-solaris-x86 | 0.2-1.1 | 69.30 | NOTE | |||
r-release-linux-ix86 | 0.2-1.1 | 3.35 | 27.78 | 31.13 | NOTE | |
r-release-linux-x86_64 | 0.2-1.1 | 2.91 | 21.32 | 24.23 | NOTE | |
r-release-osx-x86_64-mavericks | 0.2-1.1 | NOTE | ||||
r-release-osx-x86_64-snowleopard | 0.2-1.1 | NOTE | ||||
r-release-windows-ix86+x86_64 | 0.2-1.1 | 19.00 | 44.00 | 63.00 | NOTE | |
r-oldrel-windows-ix86+x86_64 | 0.2-1.1 | 16.00 | 31.00 | 47.00 | NOTE |
Version: 0.2-1.1
Check: installed package size
Result: NOTE
installed size is 12.0Mb
sub-directories of 1Mb or more:
Lib 11.9Mb
Flavors: r-devel-linux-x86_64-debian-clang, r-devel-linux-x86_64-debian-gcc, r-devel-linux-x86_64-fedora-clang, r-devel-linux-x86_64-fedora-gcc, r-devel-osx-x86_64-clang, r-devel-windows-ix86+x86_64, r-patched-linux-x86_64, r-patched-solaris-sparc, r-patched-solaris-x86, r-release-linux-ix86, r-release-linux-x86_64, r-release-osx-x86_64-mavericks, r-release-osx-x86_64-snowleopard, r-release-windows-ix86+x86_64, r-oldrel-windows-ix86+x86_64
Version: 0.2-1.1
Check: top-level files
Result: NOTE
File
LICENSE
is not mentioned in the DESCRIPTION file.
Flavors: r-devel-linux-x86_64-debian-clang, r-devel-linux-x86_64-debian-gcc, r-devel-linux-x86_64-fedora-clang, r-devel-linux-x86_64-fedora-gcc, r-devel-osx-x86_64-clang, r-devel-windows-ix86+x86_64, r-patched-linux-x86_64, r-patched-solaris-sparc, r-patched-solaris-x86, r-release-linux-ix86, r-release-linux-x86_64, r-release-osx-x86_64-mavericks, r-release-osx-x86_64-snowleopard, r-release-windows-ix86+x86_64, r-oldrel-windows-ix86+x86_64
Version: 0.2-1.1
Check: R code for possible problems
Result: NOTE
Math.Sym: no visible binding for global variable ‘transtab’
jythonStart: no visible global function definition for ‘.jinit’
jythonStart: no visible global function definition for ‘.jnew’
jythonStart: no visible binding for global variable ‘.Jython’
sympy: no visible binding for global variable ‘.Jython’
sympy: no visible global function definition for ‘.jstrVal’
sympyStart: no visible binding for global variable ‘.Jython’
Found the following assignments to the global environment:
File ‘rSymPy/R/sympy.R’:
assign(".Jython", .jnew("org.python.util.PythonInterpreter"),
.GlobalEnv)
assign(".Jython", rJython(modules = system.file("Lib", package = "rSymPy")),
.GlobalEnv)
Flavors: r-devel-linux-x86_64-debian-clang, r-devel-linux-x86_64-debian-gcc, r-devel-linux-x86_64-fedora-clang, r-devel-osx-x86_64-clang
Version: 0.2-1.1
Check: R code for possible problems
Result: NOTE
Math.Sym: no visible binding for global variable ‘transtab’
jythonStart: no visible global function definition for ‘.jinit’
jythonStart: no visible global function definition for ‘.jnew’
jythonStart: no visible binding for global variable ‘.Jython’
sympy: no visible binding for global variable ‘.Jython’
sympy: no visible global function definition for ‘.jstrVal’
sympyStart: no visible binding for global variable ‘.Jython’
Flavors: r-devel-linux-x86_64-fedora-gcc, r-devel-windows-ix86+x86_64
Version: 0.2-1.1
Check: R code for possible problems
Result: NOTE
Math.Sym: no visible binding for global variable ‘transtab’
jythonStart: no visible binding for global variable ‘.Jython’
sympy: no visible binding for global variable ‘.Jython’
sympyStart: no visible binding for global variable ‘.Jython’
Found the following assignments to the global environment:
File ‘rSymPy/R/sympy.R’:
assign(".Jython", .jnew("org.python.util.PythonInterpreter"),
.GlobalEnv)
assign(".Jython", rJython(modules = system.file("Lib", package = "rSymPy")),
.GlobalEnv)
Flavors: r-patched-linux-x86_64, r-release-linux-ix86, r-release-linux-x86_64
Version: 0.2-1.1
Check: R code for possible problems
Result: NOTE
Math.Sym: no visible binding for global variable ‘transtab’
jythonStart: no visible binding for global variable ‘.Jython’
sympy: no visible binding for global variable ‘.Jython’
sympyStart: no visible binding for global variable ‘.Jython’
Flavors: r-patched-solaris-sparc, r-patched-solaris-x86, r-release-osx-x86_64-mavericks, r-release-osx-x86_64-snowleopard, r-release-windows-ix86+x86_64, r-oldrel-windows-ix86+x86_64