CRAN Package Check Results for Package regRSM

Last updated on 2014-09-12 01:48:14.

Flavor Version Tinstall Tcheck Ttotal Status Flags
r-devel-linux-x86_64-debian-clang 0.4 0.54 28.74 29.27 NOTE
r-devel-linux-x86_64-debian-gcc 0.4 0.52 28.42 28.95 NOTE
r-devel-linux-x86_64-fedora-clang 0.4 64.12 NOTE
r-devel-linux-x86_64-fedora-gcc 0.4 61.72 NOTE
r-devel-osx-x86_64-clang 0.4 54.64 NOTE
r-devel-windows-ix86+x86_64 0.4 2.00 39.00 41.00 NOTE
r-patched-linux-x86_64 0.4 0.56 30.61 31.17 OK
r-patched-solaris-sparc 0.4 382.80 OK
r-patched-solaris-x86 0.4 76.40 OK
r-release-linux-ix86 0.4 0.85 39.30 40.15 OK
r-release-linux-x86_64 0.4 0.69 30.33 31.02 OK
r-release-osx-x86_64-mavericks 0.4 NOTE
r-release-osx-x86_64-snowleopard 0.4 OK
r-release-windows-ix86+x86_64 0.4 2.00 48.00 50.00 OK
r-oldrel-windows-ix86+x86_64 0.4 2.00 50.00 52.00 OK

Check Details

Version: 0.4
Check: R code for possible problems
Result: NOTE
    .Last: no visible global function definition for ‘mpi.comm.size’
    .Last: no visible global function definition for ‘mpi.close.Rslaves’
    compute_scores_parallel: no visible global function definition for
     ‘%dopar%’
    compute_scores_parallel: no visible global function definition for
     ‘foreach’
    create_slaves: no visible global function definition for
     ‘mpi.comm.size’
    create_slaves: no visible global function definition for
     ‘mpi.spawn.Rslaves’
    create_slaves: no visible global function definition for ‘mpi.quit’
    fitSubmodelStatic: no visible global function definition for
     ‘mpi.send.Robj’
    fitSubmodelStatic: no visible global function definition for
     ‘mpi.recv.Robj’
    fitSubmodelStatic: no visible global function definition for
     ‘mpi.any.source’
    fitSubmodelStatic: no visible global function definition for
     ‘mpi.any.tag’
    fitSubmodelStatic: no visible global function definition for
     ‘mpi.get.sourcetag’
    make_experimentStatic: no visible global function definition for
     ‘mpi.bcast.Robj2slave’
    make_experimentStatic: no visible global function definition for
     ‘mpi.bcast.cmd’
    make_experimentStatic: no visible global function definition for
     ‘mpi.comm.size’
    make_experimentStatic: no visible global function definition for
     ‘nextRNGStream’
    make_experimentStatic: no visible global function definition for
     ‘mpi.recv.Robj’
    make_experimentStatic: no visible global function definition for
     ‘mpi.any.source’
    make_experimentStatic: no visible global function definition for
     ‘mpi.any.tag’
    make_experimentStatic: no visible global function definition for
     ‘mpi.get.sourcetag’
    make_experimentStatic: no visible global function definition for
     ‘mpi.send.Robj’
    regRSM.default: no visible global function definition for ‘makeCluster’
    regRSM.default: no visible global function definition for
     ‘registerDoParallel’
    regRSM.default: no visible global function definition for ‘stopCluster’
    send_data: no visible global function definition for
     ‘mpi.bcast.Robj2slave’
Flavors: r-devel-linux-x86_64-debian-clang, r-devel-linux-x86_64-debian-gcc, r-devel-linux-x86_64-fedora-clang, r-devel-linux-x86_64-fedora-gcc, r-devel-osx-x86_64-clang, r-devel-windows-ix86+x86_64

Version: 0.4
Check: package dependencies
Result: NOTE
    Package suggested but not available for checking: ‘Rmpi’
Flavor: r-release-osx-x86_64-mavericks

Version: 0.4
Check: R code for possible problems
Result: NOTE
    .Last: no visible global function definition for ‘mpi.comm.size’
    .Last: no visible global function definition for ‘mpi.close.Rslaves’
    create_slaves: no visible global function definition for
     ‘mpi.comm.size’
    create_slaves: no visible global function definition for
     ‘mpi.spawn.Rslaves’
    create_slaves: no visible global function definition for ‘mpi.quit’
    fitSubmodelStatic: no visible global function definition for
     ‘mpi.send.Robj’
    fitSubmodelStatic: no visible global function definition for
     ‘mpi.recv.Robj’
    fitSubmodelStatic: no visible global function definition for
     ‘mpi.any.source’
    fitSubmodelStatic: no visible global function definition for
     ‘mpi.any.tag’
    fitSubmodelStatic: no visible global function definition for
     ‘mpi.get.sourcetag’
    make_experimentStatic: no visible global function definition for
     ‘mpi.bcast.Robj2slave’
    make_experimentStatic: no visible global function definition for
     ‘mpi.bcast.cmd’
    make_experimentStatic: no visible global function definition for
     ‘mpi.comm.size’
    make_experimentStatic: no visible global function definition for
     ‘mpi.recv.Robj’
    make_experimentStatic: no visible global function definition for
     ‘mpi.any.source’
    make_experimentStatic: no visible global function definition for
     ‘mpi.any.tag’
    make_experimentStatic: no visible global function definition for
     ‘mpi.get.sourcetag’
    make_experimentStatic: no visible global function definition for
     ‘mpi.send.Robj’
    send_data: no visible global function definition for
     ‘mpi.bcast.Robj2slave’
Flavor: r-release-osx-x86_64-mavericks