Last updated on 2014-09-12 01:48:16.
Flavor | Version | Tinstall | Tcheck | Ttotal | Status | Flags |
---|---|---|---|---|---|---|
r-devel-linux-x86_64-debian-clang | 1.0 | 0.65 | 15.85 | 16.50 | NOTE | |
r-devel-linux-x86_64-debian-gcc | 1.0 | 0.64 | 16.18 | 16.81 | NOTE | |
r-devel-linux-x86_64-fedora-clang | 1.0 | 31.68 | NOTE | |||
r-devel-linux-x86_64-fedora-gcc | 1.0 | 30.72 | NOTE | |||
r-devel-osx-x86_64-clang | 1.0 | 32.62 | NOTE | |||
r-devel-windows-ix86+x86_64 | 1.0 | 2.00 | 27.00 | 29.00 | NOTE | |
r-patched-linux-x86_64 | 1.0 | 0.67 | 15.91 | 16.58 | NOTE | |
r-patched-solaris-sparc | 1.0 | 198.80 | NOTE | |||
r-patched-solaris-x86 | 1.0 | 49.30 | NOTE | |||
r-release-linux-ix86 | 1.0 | 0.99 | 27.15 | 28.14 | NOTE | |
r-release-linux-x86_64 | 1.0 | 0.73 | 15.96 | 16.69 | NOTE | |
r-release-osx-x86_64-mavericks | 1.0 | NOTE | ||||
r-release-osx-x86_64-snowleopard | 1.0 | OK | ||||
r-release-windows-ix86+x86_64 | 1.0 | 3.00 | 28.00 | 31.00 | NOTE | |
r-oldrel-windows-ix86+x86_64 | 1.0 | 3.00 | 29.00 | 32.00 | NOTE |
Version: 1.0
Check: dependencies in R code
Result: NOTE
Packages in Depends field not imported from:
‘MASS’ ‘lars’
These packages need to be imported from (in the NAMESPACE file)
for when this namespace is loaded but not attached.
See the information on DESCRIPTION files in the chapter ‘Creating R
packages’ of the ‘Writing R Extensions’ manual.
Flavors: r-devel-linux-x86_64-debian-clang, r-devel-linux-x86_64-debian-gcc, r-devel-linux-x86_64-fedora-clang, r-devel-linux-x86_64-fedora-gcc, r-devel-osx-x86_64-clang, r-devel-windows-ix86+x86_64, r-patched-linux-x86_64, r-patched-solaris-sparc, r-patched-solaris-x86, r-release-linux-ix86, r-release-linux-x86_64, r-release-osx-x86_64-mavericks, r-release-windows-ix86+x86_64, r-oldrel-windows-ix86+x86_64
Version: 1.0
Check: R code for possible problems
Result: NOTE
slassoEst: no visible global function definition for ‘lars’
slassoEst: no visible global function definition for ‘predict.lars’
Flavors: r-devel-linux-x86_64-debian-clang, r-devel-linux-x86_64-debian-gcc, r-devel-linux-x86_64-fedora-clang, r-devel-linux-x86_64-fedora-gcc, r-devel-osx-x86_64-clang, r-devel-windows-ix86+x86_64