Last updated on 2014-09-12 01:48:16.
Flavor | Version | Tinstall | Tcheck | Ttotal | Status | Flags |
---|---|---|---|---|---|---|
r-devel-linux-x86_64-debian-clang | 0.6-3 | 2.58 | 35.29 | 37.87 | NOTE | |
r-devel-linux-x86_64-debian-gcc | 0.6-3 | 2.39 | 33.72 | 36.11 | NOTE | |
r-devel-linux-x86_64-fedora-clang | 0.6-3 | 83.74 | NOTE | |||
r-devel-linux-x86_64-fedora-gcc | 0.6-3 | 79.39 | NOTE | |||
r-devel-osx-x86_64-clang | 0.6-3 | 71.60 | NOTE | |||
r-devel-windows-ix86+x86_64 | 0.6-3 | 13.00 | 54.00 | 67.00 | NOTE | |
r-patched-linux-x86_64 | 0.6-3 | 2.59 | 36.53 | 39.12 | OK | |
r-patched-solaris-sparc | 0.6-3 | 450.40 | OK | |||
r-patched-solaris-x86 | 0.6-3 | 110.60 | OK | |||
r-release-linux-ix86 | 0.6-3 | 3.20 | 45.24 | 48.44 | OK | |
r-release-linux-x86_64 | 0.6-3 | 2.67 | 36.34 | 39.01 | OK | |
r-release-osx-x86_64-mavericks | 0.6-3 | ERROR | ||||
r-release-osx-x86_64-snowleopard | 0.6-3 | ERROR | ||||
r-release-windows-ix86+x86_64 | 0.6-3 | 11.00 | 58.00 | 69.00 | OK | |
r-oldrel-windows-ix86+x86_64 | 0.6-3 | 12.00 | 64.00 | 76.00 | OK |
Version: 0.6-3
Check: R code for possible problems
Result: NOTE
hillslope.probability: no visible global function definition for
‘format_SQL_in_statement’
hillslope.probability: no visible global function definition for
‘SDA_query’
Flavors: r-devel-linux-x86_64-debian-clang, r-devel-linux-x86_64-debian-gcc, r-devel-linux-x86_64-fedora-clang, r-devel-linux-x86_64-fedora-gcc, r-devel-osx-x86_64-clang, r-devel-windows-ix86+x86_64
Version: 0.6-3
Check: package dependencies
Result: ERROR
Package required but not available: ‘aqp’
Package suggested but not available for checking: ‘soilDB’
See the information on DESCRIPTION files in the chapter ‘Creating R
packages’ of the ‘Writing R Extensions’ manual.
Flavors: r-release-osx-x86_64-mavericks, r-release-osx-x86_64-snowleopard