Last updated on 2014-09-12 01:48:16.
Flavor | Version | Tinstall | Tcheck | Ttotal | Status | Flags |
---|---|---|---|---|---|---|
r-devel-linux-x86_64-debian-clang | 1.0 | 1.75 | 23.48 | 25.23 | NOTE | |
r-devel-linux-x86_64-debian-gcc | 1.0 | 1.68 | 22.79 | 24.48 | NOTE | |
r-devel-linux-x86_64-fedora-clang | 1.0 | 51.69 | NOTE | |||
r-devel-linux-x86_64-fedora-gcc | 1.0 | 47.66 | NOTE | |||
r-devel-osx-x86_64-clang | 1.0 | 47.46 | NOTE | |||
r-devel-windows-ix86+x86_64 | 1.0 | 7.00 | 38.00 | 45.00 | NOTE | |
r-patched-linux-x86_64 | 1.0 | 1.76 | 24.58 | 26.34 | OK | |
r-patched-solaris-sparc | 1.0 | 289.80 | OK | |||
r-patched-solaris-x86 | 1.0 | 76.80 | OK | |||
r-release-linux-ix86 | 1.0 | 2.34 | 33.27 | 35.61 | OK | |
r-release-linux-x86_64 | 1.0 | 1.77 | 24.16 | 25.93 | OK | |
r-release-osx-x86_64-mavericks | 1.0 | OK | ||||
r-release-osx-x86_64-snowleopard | 1.0 | OK | ||||
r-release-windows-ix86+x86_64 | 1.0 | 6.00 | 39.00 | 45.00 | OK | |
r-oldrel-windows-ix86+x86_64 | 1.0 | 7.00 | 43.00 | 50.00 | OK |
Version: 1.0
Check: R code for possible problems
Result: NOTE
run_signal.hsmm: no visible binding for global variable ‘aaaggregation’
run_signal.hsmm : <anonymous>: no visible binding for global variable
‘aaaggregation’
Flavors: r-devel-linux-x86_64-debian-clang, r-devel-linux-x86_64-debian-gcc, r-devel-linux-x86_64-fedora-clang, r-devel-linux-x86_64-fedora-gcc, r-devel-osx-x86_64-clang, r-devel-windows-ix86+x86_64