CRAN Package Check Results for Package simsalapar

Last updated on 2014-09-12 01:48:16.

Flavor Version Tinstall Tcheck Ttotal Status Flags
r-devel-linux-x86_64-debian-clang 1.0-3 1.40 44.06 45.46 NOTE
r-devel-linux-x86_64-debian-gcc 1.0-3 1.60 45.88 47.48 NOTE
r-devel-linux-x86_64-fedora-clang 1.0-3 80.22 NOTE
r-devel-linux-x86_64-fedora-gcc 1.0-3 76.90 NOTE
r-devel-osx-x86_64-clang 1.0-3 83.49 NOTE
r-devel-windows-ix86+x86_64 1.0-3 4.00 49.00 53.00 NOTE
r-patched-linux-x86_64 1.0-3 1.44 49.58 51.02 OK
r-patched-solaris-sparc 1.0-3 702.90 OK
r-patched-solaris-x86 1.0-3 185.00 OK
r-release-linux-ix86 1.0-3 2.06 73.52 75.58 OK
r-release-linux-x86_64 1.0-3 1.54 49.52 51.06 OK
r-release-osx-x86_64-mavericks 1.0-3 ERROR
r-release-osx-x86_64-snowleopard 1.0-3 OK
r-release-windows-ix86+x86_64 1.0-3 6.00 62.00 68.00 OK
r-oldrel-windows-ix86+x86_64 1.0-3 5.00 59.00 64.00 OK

Check Details

Version: 1.0-3
Check: R code for possible problems
Result: NOTE
    doClusterApply: no visible global function definition for ‘clusterCall’
     (/tmp/RtmpNqAlSr/R.INSTALL19642496a1fd/simsalapar/R/doApply.R:376)
    doClusterApply: no visible binding for global variable ‘clusterApplyLB’
     (/tmp/RtmpNqAlSr/R.INSTALL19642496a1fd/simsalapar/R/doApply.R:380-385)
    doForeach: no visible global function definition for
     ‘registerDoParallel’
     (/tmp/RtmpNqAlSr/R.INSTALL19642496a1fd/simsalapar/R/doApply.R:131)
    doForeach: no visible global function definition for
     ‘registerDoParallel’
     (/tmp/RtmpNqAlSr/R.INSTALL19642496a1fd/simsalapar/R/doApply.R:128-132)
    doForeach: no visible global function definition for ‘getDoParWorkers’
     (/tmp/RtmpNqAlSr/R.INSTALL19642496a1fd/simsalapar/R/doApply.R:133)
    doForeach: no visible global function definition for ‘%dopar%’
     (/tmp/RtmpNqAlSr/R.INSTALL19642496a1fd/simsalapar/R/doApply.R:138-146)
    doForeach: no visible global function definition for ‘foreach’
     (/tmp/RtmpNqAlSr/R.INSTALL19642496a1fd/simsalapar/R/doApply.R:138-146)
    doRmpi: no visible global function definition for ‘mpi.universe.size’
    doRmpi: no visible global function definition for ‘mpi.comm.size’
     (/tmp/RtmpNqAlSr/R.INSTALL19642496a1fd/simsalapar/R/doApply.R:229-230)
    doRmpi: no visible global function definition for ‘mpi.spawn.Rslaves’
     (/tmp/RtmpNqAlSr/R.INSTALL19642496a1fd/simsalapar/R/doApply.R:229-230)
    doRmpi: no visible global function definition for ‘mpi.close.Rslaves’
     (/tmp/RtmpNqAlSr/R.INSTALL19642496a1fd/simsalapar/R/doApply.R:232)
    doRmpi: no visible global function definition for
     ‘mpi.bcast.Robj2slave’
     (/tmp/RtmpNqAlSr/R.INSTALL19642496a1fd/simsalapar/R/doApply.R:234)
    doRmpi: no visible global function definition for
     ‘mpi.bcast.Robj2slave’
     (/tmp/RtmpNqAlSr/R.INSTALL19642496a1fd/simsalapar/R/doApply.R:235)
    doRmpi: no visible binding for global variable ‘mpi.applyLB’
     (/tmp/RtmpNqAlSr/R.INSTALL19642496a1fd/simsalapar/R/doApply.R:246-251)
    doRmpi: no visible binding for global variable ‘mpi.apply’
     (/tmp/RtmpNqAlSr/R.INSTALL19642496a1fd/simsalapar/R/doApply.R:246-251)
Flavor: r-devel-linux-x86_64-debian-clang

Version: 1.0-3
Check: R code for possible problems
Result: NOTE
    doClusterApply: no visible global function definition for ‘clusterCall’
     (/tmp/RtmpruQDv5/R.INSTALL538e67a503b8/simsalapar/R/doApply.R:376)
    doClusterApply: no visible binding for global variable ‘clusterApplyLB’
     (/tmp/RtmpruQDv5/R.INSTALL538e67a503b8/simsalapar/R/doApply.R:380-385)
    doForeach: no visible global function definition for
     ‘registerDoParallel’
     (/tmp/RtmpruQDv5/R.INSTALL538e67a503b8/simsalapar/R/doApply.R:131)
    doForeach: no visible global function definition for
     ‘registerDoParallel’
     (/tmp/RtmpruQDv5/R.INSTALL538e67a503b8/simsalapar/R/doApply.R:128-132)
    doForeach: no visible global function definition for ‘getDoParWorkers’
     (/tmp/RtmpruQDv5/R.INSTALL538e67a503b8/simsalapar/R/doApply.R:133)
    doForeach: no visible global function definition for ‘%dopar%’
     (/tmp/RtmpruQDv5/R.INSTALL538e67a503b8/simsalapar/R/doApply.R:138-146)
    doForeach: no visible global function definition for ‘foreach’
     (/tmp/RtmpruQDv5/R.INSTALL538e67a503b8/simsalapar/R/doApply.R:138-146)
    doRmpi: no visible global function definition for ‘mpi.universe.size’
    doRmpi: no visible global function definition for ‘mpi.comm.size’
     (/tmp/RtmpruQDv5/R.INSTALL538e67a503b8/simsalapar/R/doApply.R:229-230)
    doRmpi: no visible global function definition for ‘mpi.spawn.Rslaves’
     (/tmp/RtmpruQDv5/R.INSTALL538e67a503b8/simsalapar/R/doApply.R:229-230)
    doRmpi: no visible global function definition for ‘mpi.close.Rslaves’
     (/tmp/RtmpruQDv5/R.INSTALL538e67a503b8/simsalapar/R/doApply.R:232)
    doRmpi: no visible global function definition for
     ‘mpi.bcast.Robj2slave’
     (/tmp/RtmpruQDv5/R.INSTALL538e67a503b8/simsalapar/R/doApply.R:234)
    doRmpi: no visible global function definition for
     ‘mpi.bcast.Robj2slave’
     (/tmp/RtmpruQDv5/R.INSTALL538e67a503b8/simsalapar/R/doApply.R:235)
    doRmpi: no visible binding for global variable ‘mpi.applyLB’
     (/tmp/RtmpruQDv5/R.INSTALL538e67a503b8/simsalapar/R/doApply.R:246-251)
    doRmpi: no visible binding for global variable ‘mpi.apply’
     (/tmp/RtmpruQDv5/R.INSTALL538e67a503b8/simsalapar/R/doApply.R:246-251)
Flavor: r-devel-linux-x86_64-debian-gcc

Version: 1.0-3
Check: R code for possible problems
Result: NOTE
    doClusterApply: no visible global function definition for ‘clusterCall’
     (/data/gannet/ripley/R/packages/tests-clang/simsalapar/R/doApply.R:376)
    doClusterApply: no visible binding for global variable ‘clusterApplyLB’
     (/data/gannet/ripley/R/packages/tests-clang/simsalapar/R/doApply.R:380-385)
    doForeach: no visible global function definition for
     ‘registerDoParallel’
     (/data/gannet/ripley/R/packages/tests-clang/simsalapar/R/doApply.R:131)
    doForeach: no visible global function definition for
     ‘registerDoParallel’
     (/data/gannet/ripley/R/packages/tests-clang/simsalapar/R/doApply.R:128-132)
    doForeach: no visible global function definition for ‘getDoParWorkers’
     (/data/gannet/ripley/R/packages/tests-clang/simsalapar/R/doApply.R:133)
    doForeach: no visible global function definition for ‘%dopar%’
     (/data/gannet/ripley/R/packages/tests-clang/simsalapar/R/doApply.R:138-146)
    doForeach: no visible global function definition for ‘foreach’
     (/data/gannet/ripley/R/packages/tests-clang/simsalapar/R/doApply.R:138-146)
    doRmpi: no visible global function definition for ‘mpi.universe.size’
    doRmpi: no visible global function definition for ‘mpi.comm.size’
     (/data/gannet/ripley/R/packages/tests-clang/simsalapar/R/doApply.R:229-230)
    doRmpi: no visible global function definition for ‘mpi.spawn.Rslaves’
     (/data/gannet/ripley/R/packages/tests-clang/simsalapar/R/doApply.R:229-230)
    doRmpi: no visible global function definition for ‘mpi.close.Rslaves’
     (/data/gannet/ripley/R/packages/tests-clang/simsalapar/R/doApply.R:232)
    doRmpi: no visible global function definition for
     ‘mpi.bcast.Robj2slave’
     (/data/gannet/ripley/R/packages/tests-clang/simsalapar/R/doApply.R:234)
    doRmpi: no visible global function definition for
     ‘mpi.bcast.Robj2slave’
     (/data/gannet/ripley/R/packages/tests-clang/simsalapar/R/doApply.R:235)
    doRmpi: no visible binding for global variable ‘mpi.applyLB’
     (/data/gannet/ripley/R/packages/tests-clang/simsalapar/R/doApply.R:246-251)
    doRmpi: no visible binding for global variable ‘mpi.apply’
     (/data/gannet/ripley/R/packages/tests-clang/simsalapar/R/doApply.R:246-251)
Flavor: r-devel-linux-x86_64-fedora-clang

Version: 1.0-3
Check: R code for possible problems
Result: NOTE
    doClusterApply: no visible global function definition for ‘clusterCall’
     (/data/gannet/ripley/R/packages/tests-devel/simsalapar/R/doApply.R:376)
    doClusterApply: no visible binding for global variable ‘clusterApplyLB’
     (/data/gannet/ripley/R/packages/tests-devel/simsalapar/R/doApply.R:380-385)
    doForeach: no visible global function definition for
     ‘registerDoParallel’
     (/data/gannet/ripley/R/packages/tests-devel/simsalapar/R/doApply.R:131)
    doForeach: no visible global function definition for
     ‘registerDoParallel’
     (/data/gannet/ripley/R/packages/tests-devel/simsalapar/R/doApply.R:128-132)
    doForeach: no visible global function definition for ‘getDoParWorkers’
     (/data/gannet/ripley/R/packages/tests-devel/simsalapar/R/doApply.R:133)
    doForeach: no visible global function definition for ‘%dopar%’
     (/data/gannet/ripley/R/packages/tests-devel/simsalapar/R/doApply.R:138-146)
    doForeach: no visible global function definition for ‘foreach’
     (/data/gannet/ripley/R/packages/tests-devel/simsalapar/R/doApply.R:138-146)
    doRmpi: no visible global function definition for ‘mpi.universe.size’
    doRmpi: no visible global function definition for ‘mpi.comm.size’
     (/data/gannet/ripley/R/packages/tests-devel/simsalapar/R/doApply.R:229-230)
    doRmpi: no visible global function definition for ‘mpi.spawn.Rslaves’
     (/data/gannet/ripley/R/packages/tests-devel/simsalapar/R/doApply.R:229-230)
    doRmpi: no visible global function definition for ‘mpi.close.Rslaves’
     (/data/gannet/ripley/R/packages/tests-devel/simsalapar/R/doApply.R:232)
    doRmpi: no visible global function definition for
     ‘mpi.bcast.Robj2slave’
     (/data/gannet/ripley/R/packages/tests-devel/simsalapar/R/doApply.R:234)
    doRmpi: no visible global function definition for
     ‘mpi.bcast.Robj2slave’
     (/data/gannet/ripley/R/packages/tests-devel/simsalapar/R/doApply.R:235)
    doRmpi: no visible binding for global variable ‘mpi.applyLB’
     (/data/gannet/ripley/R/packages/tests-devel/simsalapar/R/doApply.R:246-251)
    doRmpi: no visible binding for global variable ‘mpi.apply’
     (/data/gannet/ripley/R/packages/tests-devel/simsalapar/R/doApply.R:246-251)
Flavor: r-devel-linux-x86_64-fedora-gcc

Version: 1.0-3
Check: R code for possible problems
Result: NOTE
    doClusterApply: no visible global function definition for ‘clusterCall’
     (/Users/ripley/R/packages/tests-devel/simsalapar/R/doApply.R:376)
    doClusterApply: no visible binding for global variable ‘clusterApplyLB’
     (/Users/ripley/R/packages/tests-devel/simsalapar/R/doApply.R:380-385)
    doForeach: no visible global function definition for
     ‘registerDoParallel’
     (/Users/ripley/R/packages/tests-devel/simsalapar/R/doApply.R:131)
    doForeach: no visible global function definition for
     ‘registerDoParallel’
     (/Users/ripley/R/packages/tests-devel/simsalapar/R/doApply.R:128-132)
    doForeach: no visible global function definition for ‘getDoParWorkers’
     (/Users/ripley/R/packages/tests-devel/simsalapar/R/doApply.R:133)
    doForeach: no visible global function definition for ‘%dopar%’
     (/Users/ripley/R/packages/tests-devel/simsalapar/R/doApply.R:138-146)
    doForeach: no visible global function definition for ‘foreach’
     (/Users/ripley/R/packages/tests-devel/simsalapar/R/doApply.R:138-146)
    doRmpi: no visible global function definition for ‘mpi.universe.size’
    doRmpi: no visible global function definition for ‘mpi.comm.size’
     (/Users/ripley/R/packages/tests-devel/simsalapar/R/doApply.R:229-230)
    doRmpi: no visible global function definition for ‘mpi.spawn.Rslaves’
     (/Users/ripley/R/packages/tests-devel/simsalapar/R/doApply.R:229-230)
    doRmpi: no visible global function definition for ‘mpi.close.Rslaves’
     (/Users/ripley/R/packages/tests-devel/simsalapar/R/doApply.R:232)
    doRmpi: no visible global function definition for
     ‘mpi.bcast.Robj2slave’
     (/Users/ripley/R/packages/tests-devel/simsalapar/R/doApply.R:234)
    doRmpi: no visible global function definition for
     ‘mpi.bcast.Robj2slave’
     (/Users/ripley/R/packages/tests-devel/simsalapar/R/doApply.R:235)
    doRmpi: no visible binding for global variable ‘mpi.applyLB’
     (/Users/ripley/R/packages/tests-devel/simsalapar/R/doApply.R:246-251)
    doRmpi: no visible binding for global variable ‘mpi.apply’
     (/Users/ripley/R/packages/tests-devel/simsalapar/R/doApply.R:246-251)
Flavor: r-devel-osx-x86_64-clang

Version: 1.0-3
Check: R code for possible problems
Result: NOTE
    doClusterApply: no visible global function definition for 'clusterCall'
     (D:/temp/RtmpM7UGrv/R.INSTALL315828cc4ada/simsalapar/R/doApply.R:376)
    doClusterApply: no visible binding for global variable 'clusterApplyLB'
     (D:/temp/RtmpM7UGrv/R.INSTALL315828cc4ada/simsalapar/R/doApply.R:380-385)
    doForeach: no visible global function definition for
     'registerDoParallel'
     (D:/temp/RtmpM7UGrv/R.INSTALL315828cc4ada/simsalapar/R/doApply.R:131)
    doForeach: no visible global function definition for
     'registerDoParallel'
     (D:/temp/RtmpM7UGrv/R.INSTALL315828cc4ada/simsalapar/R/doApply.R:128-132)
    doForeach: no visible global function definition for 'getDoParWorkers'
     (D:/temp/RtmpM7UGrv/R.INSTALL315828cc4ada/simsalapar/R/doApply.R:133)
    doForeach: no visible global function definition for '%dopar%'
     (D:/temp/RtmpM7UGrv/R.INSTALL315828cc4ada/simsalapar/R/doApply.R:138-146)
    doForeach: no visible global function definition for 'foreach'
     (D:/temp/RtmpM7UGrv/R.INSTALL315828cc4ada/simsalapar/R/doApply.R:138-146)
    doRmpi: no visible global function definition for 'mpi.universe.size'
    doRmpi: no visible global function definition for 'mpi.comm.size'
     (D:/temp/RtmpM7UGrv/R.INSTALL315828cc4ada/simsalapar/R/doApply.R:229-230)
    doRmpi: no visible global function definition for 'mpi.spawn.Rslaves'
     (D:/temp/RtmpM7UGrv/R.INSTALL315828cc4ada/simsalapar/R/doApply.R:229-230)
    doRmpi: no visible global function definition for 'mpi.close.Rslaves'
     (D:/temp/RtmpM7UGrv/R.INSTALL315828cc4ada/simsalapar/R/doApply.R:232)
    doRmpi: no visible global function definition for
     'mpi.bcast.Robj2slave'
     (D:/temp/RtmpM7UGrv/R.INSTALL315828cc4ada/simsalapar/R/doApply.R:234)
    doRmpi: no visible global function definition for
     'mpi.bcast.Robj2slave'
     (D:/temp/RtmpM7UGrv/R.INSTALL315828cc4ada/simsalapar/R/doApply.R:235)
    doRmpi: no visible binding for global variable 'mpi.applyLB'
     (D:/temp/RtmpM7UGrv/R.INSTALL315828cc4ada/simsalapar/R/doApply.R:246-251)
    doRmpi: no visible binding for global variable 'mpi.apply'
     (D:/temp/RtmpM7UGrv/R.INSTALL315828cc4ada/simsalapar/R/doApply.R:246-251)
Flavor: r-devel-windows-ix86+x86_64

Version: 1.0-3
Check: package dependencies
Result: NOTE
    Packages suggested but not available for checking: ‘Rmpi’ ‘copula’
Flavor: r-release-osx-x86_64-mavericks

Version: 1.0-3
Check: R code for possible problems
Result: NOTE
    doRmpi: no visible global function definition for ‘mpi.universe.size’
    doRmpi: no visible global function definition for ‘mpi.comm.size’
     (/Builds/CRAN-QA-Simon/packages/mavericks-x86_64/results/3.1/simsalapar.Rcheck/00_pkg_src/simsalapar/R/doApply.R:229-230)
    doRmpi: no visible global function definition for ‘mpi.spawn.Rslaves’
     (/Builds/CRAN-QA-Simon/packages/mavericks-x86_64/results/3.1/simsalapar.Rcheck/00_pkg_src/simsalapar/R/doApply.R:229-230)
    doRmpi: no visible global function definition for ‘mpi.close.Rslaves’
     (/Builds/CRAN-QA-Simon/packages/mavericks-x86_64/results/3.1/simsalapar.Rcheck/00_pkg_src/simsalapar/R/doApply.R:232)
    doRmpi: no visible global function definition for
     ‘mpi.bcast.Robj2slave’
     (/Builds/CRAN-QA-Simon/packages/mavericks-x86_64/results/3.1/simsalapar.Rcheck/00_pkg_src/simsalapar/R/doApply.R:234)
    doRmpi: no visible global function definition for
     ‘mpi.bcast.Robj2slave’
     (/Builds/CRAN-QA-Simon/packages/mavericks-x86_64/results/3.1/simsalapar.Rcheck/00_pkg_src/simsalapar/R/doApply.R:235)
    doRmpi: no visible binding for global variable ‘mpi.applyLB’
     (/Builds/CRAN-QA-Simon/packages/mavericks-x86_64/results/3.1/simsalapar.Rcheck/00_pkg_src/simsalapar/R/doApply.R:246-251)
    doRmpi: no visible binding for global variable ‘mpi.apply’
     (/Builds/CRAN-QA-Simon/packages/mavericks-x86_64/results/3.1/simsalapar.Rcheck/00_pkg_src/simsalapar/R/doApply.R:246-251)
Flavor: r-release-osx-x86_64-mavericks

Version: 1.0-3
Check: Rd cross-references
Result: NOTE
    Package unavailable to check Rd xrefs: ‘Rmpi’
Flavor: r-release-osx-x86_64-mavericks

Version: 1.0-3
Check: tests
Result: ERROR
    Running the tests in ‘tests/tstTGforecasts.R’ failed.
    Last 13 lines of output:
     + doOne=doOne, monitor=printInfo[["fileEach"]]))
     Loading required package: foreach
     Loading required package: doParallel
     Loading required package: iterators
     Loading required package: Rmpi
     Error in snow::makeMPIcluster(spec, ...) :
     the `Rmpi' package is needed for MPI clusters.
     Calls: S.T -> doForeach -> makeCluster -> <Anonymous>
     In addition: Warning message:
     In library(package, lib.loc = lib.loc, character.only = TRUE, logical.return = TRUE, :
     there is no package called 'Rmpi'
     Timing stopped at: 0.125 0.031 0.155
     Execution halted
Flavor: r-release-osx-x86_64-mavericks