Last updated on 2014-09-12 01:48:16.
Flavor | Version | Tinstall | Tcheck | Ttotal | Status | Flags |
---|---|---|---|---|---|---|
r-devel-linux-x86_64-debian-clang | 0.12 | 10.41 | 73.30 | 83.71 | NOTE | |
r-devel-linux-x86_64-debian-gcc | 0.12 | 10.39 | 71.66 | 82.05 | NOTE | |
r-devel-linux-x86_64-fedora-clang | 0.12 | 202.94 | NOTE | |||
r-devel-linux-x86_64-fedora-gcc | 0.12 | 192.26 | NOTE | |||
r-devel-osx-x86_64-clang | 0.12 | 152.99 | NOTE | |||
r-devel-windows-ix86+x86_64 | 0.12 | 36.00 | 139.00 | 175.00 | NOTE | |
r-patched-linux-x86_64 | 0.12 | 10.80 | 68.62 | 79.41 | NOTE | |
r-patched-solaris-sparc | 0.12 | 946.70 | NOTE | |||
r-patched-solaris-x86 | 0.12 | 223.90 | NOTE | |||
r-release-linux-ix86 | 0.12 | 11.71 | 85.44 | 97.15 | NOTE | |
r-release-linux-x86_64 | 0.12 | 9.85 | 69.42 | 79.27 | NOTE | |
r-release-osx-x86_64-mavericks | 0.12 | NOTE | ||||
r-release-osx-x86_64-snowleopard | 0.12 | NOTE | ||||
r-release-windows-ix86+x86_64 | 0.12 | 40.00 | 137.00 | 177.00 | NOTE | |
r-oldrel-windows-ix86+x86_64 | 0.12 | 27.00 | 77.00 | 104.00 | NOTE |
Version: 0.12
Check: dependencies in R code
Result: NOTE
Packages in Depends field not imported from:
‘R.utils’ ‘RSQLite’ ‘Rcpp’ ‘biomaRt’
These packages need to be imported from (in the NAMESPACE file)
for when this namespace is loaded but not attached.
See the information on DESCRIPTION files in the chapter ‘Creating R
packages’ of the ‘Writing R Extensions’ manual.
Flavors: r-devel-linux-x86_64-debian-clang, r-devel-linux-x86_64-debian-gcc, r-devel-linux-x86_64-fedora-clang, r-devel-linux-x86_64-fedora-gcc, r-devel-osx-x86_64-clang, r-devel-windows-ix86+x86_64, r-patched-linux-x86_64, r-patched-solaris-sparc, r-patched-solaris-x86, r-release-linux-ix86, r-release-linux-x86_64, r-release-osx-x86_64-mavericks, r-release-osx-x86_64-snowleopard, r-release-windows-ix86+x86_64, r-oldrel-windows-ix86+x86_64
Version: 0.12
Check: R code for possible problems
Result: NOTE
getBioMartData: no visible global function definition for ‘useMart’
getBioMartData: no visible global function definition for ‘listMarts’
getBioMartData: no visible global function definition for
‘listDatasets’
getBioMartData: no visible global function definition for ‘getBM’
makeGeneSet: no visible global function definition for ‘dbDriver’
makeGeneSet: no visible global function definition for ‘dbConnect’
makeGeneSet: no visible global function definition for ‘dbGetQuery’
makeGeneSet: no visible global function definition for ‘isFile’
makeGeneSet: no visible global function definition for ‘dbWriteTable’
makeGeneSet: no visible global function definition for ‘dbReadTable’
makeGeneSet: no visible global function definition for ‘dbDisconnect’
setGeneTable: no visible global function definition for ‘dbDriver’
setGeneTable: no visible global function definition for ‘dbConnect’
setGeneTable: no visible global function definition for ‘dbGetQuery’
setGeneTable: no visible global function definition for ‘dbWriteTable’
setGeneTable: no visible global function definition for ‘dbDisconnect’
setSNPTable: no visible global function definition for ‘dbDriver’
setSNPTable: no visible global function definition for ‘dbConnect’
setSNPTable: no visible global function definition for ‘dbGetQuery’
setSNPTable: no visible global function definition for ‘isFile’
setSNPTable: no visible global function definition for ‘dbWriteTable’
setSNPTable: no visible global function definition for ‘dbDisconnect’
Flavors: r-devel-linux-x86_64-debian-clang, r-devel-linux-x86_64-debian-gcc, r-devel-linux-x86_64-fedora-clang, r-devel-linux-x86_64-fedora-gcc, r-devel-osx-x86_64-clang, r-devel-windows-ix86+x86_64