Last updated on 2014-09-12 01:48:17.
Flavor | Version | Tinstall | Tcheck | Ttotal | Status | Flags |
---|---|---|---|---|---|---|
r-devel-linux-x86_64-debian-clang | 0.7.2.125 | 4.84 | 65.04 | 69.88 | OK | |
r-devel-linux-x86_64-debian-gcc | 0.7.2.125 | 4.91 | 63.38 | 68.28 | OK | |
r-devel-linux-x86_64-fedora-clang | 0.7.2.125 | 155.02 | OK | |||
r-devel-linux-x86_64-fedora-gcc | 0.7.2.125 | 145.16 | OK | |||
r-devel-osx-x86_64-clang | 0.7.2.125 | 125.65 | OK | |||
r-devel-windows-ix86+x86_64 | 0.7.2.125 | 17.00 | 98.00 | 115.00 | OK | |
r-patched-linux-x86_64 | 0.7.2.125 | 4.98 | 66.29 | 71.27 | OK | |
r-patched-solaris-sparc | 0.7.2.125 | 855.90 | OK | |||
r-patched-solaris-x86 | 0.7.2.125 | 196.70 | OK | |||
r-release-linux-ix86 | 0.7.2.125 | 6.20 | 81.96 | 88.16 | OK | |
r-release-linux-x86_64 | 0.7.2.125 | 5.02 | 66.65 | 71.67 | OK | |
r-release-osx-x86_64-mavericks | 0.7.2.125 | ERROR | ||||
r-release-osx-x86_64-snowleopard | 0.7.2.125 | OK | ||||
r-release-windows-ix86+x86_64 | 0.7.2.125 | 17.00 | 109.00 | 126.00 | OK | |
r-oldrel-windows-ix86+x86_64 | 0.7.2.125 | 18.00 | 111.00 | 129.00 | OK |
Version: 0.7.2.125
Check: package dependencies
Result: ERROR
Package required but not available: ‘Rssa’
See the information on DESCRIPTION files in the chapter ‘Creating R
packages’ of the ‘Writing R Extensions’ manual.
Flavor: r-release-osx-x86_64-mavericks