Last updated on 2014-09-12 01:48:17.
Flavor | Version | Tinstall | Tcheck | Ttotal | Status | Flags |
---|---|---|---|---|---|---|
r-devel-linux-x86_64-debian-clang | 0.6-6 | 0.51 | 53.14 | 53.65 | OK | |
r-devel-linux-x86_64-debian-gcc | 0.6-6 | 0.49 | 51.95 | 52.44 | OK | |
r-devel-linux-x86_64-fedora-clang | 0.6-6 | 115.43 | NOTE | |||
r-devel-linux-x86_64-fedora-gcc | 0.6-6 | 109.37 | NOTE | |||
r-devel-osx-x86_64-clang | 0.6-6 | 89.13 | OK | |||
r-devel-windows-ix86+x86_64 | 0.6-6 | 2.00 | 83.00 | 85.00 | OK | |
r-patched-linux-x86_64 | 0.6-6 | 0.55 | 56.45 | 57.00 | OK | |
r-patched-solaris-sparc | 0.6-6 | 768.60 | OK | |||
r-patched-solaris-x86 | 0.6-6 | 131.40 | OK | |||
r-release-linux-ix86 | 0.6-6 | 0.82 | 73.62 | 74.44 | OK | |
r-release-linux-x86_64 | 0.6-6 | 0.54 | 57.94 | 58.47 | OK | |
r-release-osx-x86_64-mavericks | 0.6-6 | OK | ||||
r-release-windows-ix86+x86_64 | 0.6-6 | 2.00 | 86.00 | 88.00 | OK | |
r-oldrel-windows-ix86+x86_64 | 0.6-6 | 2.00 | 93.00 | 95.00 | OK |
Version: 0.6-6
Check: top-level files
Result: NOTE
Non-standard file/directory found at top level:
‘Done’
Flavors: r-devel-linux-x86_64-fedora-clang, r-devel-linux-x86_64-fedora-gcc