CRAN Package Check Results for Package stremo

Last updated on 2014-09-12 01:48:17.

Flavor Version Tinstall Tcheck Ttotal Status Flags
r-devel-linux-x86_64-debian-clang 0.2 1.37 23.82 25.19 OK
r-devel-linux-x86_64-debian-gcc 0.2 1.31 22.93 24.24 OK
r-devel-linux-x86_64-fedora-clang 0.2 53.63 NOTE
r-devel-linux-x86_64-fedora-gcc 0.2 50.02 NOTE
r-devel-osx-x86_64-clang 0.2 46.73 OK
r-devel-windows-ix86+x86_64 0.2 4.00 38.00 42.00 OK
r-patched-linux-x86_64 0.2 1.39 24.71 26.10 OK
r-patched-solaris-sparc 0.2 315.20 OK
r-patched-solaris-x86 0.2 72.30 OK
r-release-linux-ix86 0.2 1.89 34.13 36.02 OK
r-release-linux-x86_64 0.2 1.39 25.17 26.56 OK
r-release-osx-x86_64-mavericks 0.2 OK
r-release-osx-x86_64-snowleopard 0.2 OK
r-release-windows-ix86+x86_64 0.2 6.00 43.00 49.00 OK
r-oldrel-windows-ix86+x86_64 0.2 6.00 43.00 49.00 OK

Check Details

Version: 0.2
Check: Rd line widths
Result: NOTE
    Rd file 'pugesek.Rd':
     \examples lines wider than 100 characters:
     pugesek.threefactors.1 <- sem(pugesek.threefactors.model, data = bumpus.log, fixed.x = FALSE, group =
     pugesek.threefactors.2 <- sem(pugesek.threefactors.model, data = bumpus.log, fixed.x = FALSE, group =
    
    These lines will be truncated in the PDF manual.
Flavors: r-devel-linux-x86_64-fedora-clang, r-devel-linux-x86_64-fedora-gcc