Last updated on 2014-09-12 01:48:18.
Flavor | Version | Tinstall | Tcheck | Ttotal | Status | Flags |
---|---|---|---|---|---|---|
r-devel-linux-x86_64-debian-clang | 1.0.6 | 1.89 | 24.22 | 26.11 | NOTE | |
r-devel-linux-x86_64-debian-gcc | 1.0.6 | 1.87 | 23.95 | 25.82 | NOTE | |
r-devel-linux-x86_64-fedora-clang | 1.0.6 | 58.09 | NOTE | |||
r-devel-linux-x86_64-fedora-gcc | 1.0.6 | 54.07 | NOTE | |||
r-devel-osx-x86_64-clang | 1.0.6 | 50.71 | NOTE | |||
r-devel-windows-ix86+x86_64 | 1.0.6 | 6.00 | 39.00 | 45.00 | NOTE | |
r-patched-linux-x86_64 | 1.0.6 | 1.90 | 27.48 | 29.39 | OK | |
r-patched-solaris-sparc | 1.0.6 | 373.20 | OK | |||
r-patched-solaris-x86 | 1.0.6 | 111.90 | OK | |||
r-release-linux-ix86 | 1.0.6 | 2.72 | 38.17 | 40.88 | OK | |
r-release-linux-x86_64 | 1.0.6 | 2.01 | 28.46 | 30.47 | OK | |
r-release-osx-x86_64-mavericks | 1.0.6 | ERROR | ||||
r-release-osx-x86_64-snowleopard | 1.0.6 | OK | ||||
r-release-windows-ix86+x86_64 | 1.0.6 | 6.00 | 44.00 | 50.00 | OK | |
r-oldrel-windows-ix86+x86_64 | 1.0.6 | 6.00 | 45.00 | 51.00 | OK |
Version: 1.0.6
Check: R code for possible problems
Result: NOTE
smoothLines: no visible global function definition for ‘smooth.Pspline’
Flavors: r-devel-linux-x86_64-debian-clang, r-devel-linux-x86_64-debian-gcc, r-devel-linux-x86_64-fedora-clang, r-devel-linux-x86_64-fedora-gcc, r-devel-osx-x86_64-clang, r-devel-windows-ix86+x86_64
Version: 1.0.6
Check: package dependencies
Result: ERROR
Packages required but not available: ‘rgdal’ ‘rgeos’
See the information on DESCRIPTION files in the chapter ‘Creating R
packages’ of the ‘Writing R Extensions’ manual.
Flavor: r-release-osx-x86_64-mavericks