Last updated on 2014-09-12 01:48:18.
Flavor | Version | Tinstall | Tcheck | Ttotal | Status | Flags |
---|---|---|---|---|---|---|
r-devel-linux-x86_64-debian-clang | 0.6 | 1.71 | 26.12 | 27.84 | NOTE | |
r-devel-linux-x86_64-debian-gcc | 0.6 | 1.54 | 25.79 | 27.34 | NOTE | |
r-devel-linux-x86_64-fedora-clang | 0.6 | 60.03 | NOTE | |||
r-devel-linux-x86_64-fedora-gcc | 0.6 | 56.42 | NOTE | |||
r-devel-osx-x86_64-clang | 0.6 | 64.09 | NOTE | |||
r-devel-windows-ix86+x86_64 | 0.6 | 7.00 | 63.00 | 70.00 | NOTE | |
r-patched-linux-x86_64 | 0.6 | 1.56 | 27.37 | 28.94 | NOTE | |
r-patched-solaris-sparc | 0.6 | 368.70 | NOTE | |||
r-patched-solaris-x86 | 0.6 | 95.60 | NOTE | |||
r-release-linux-ix86 | 0.6 | 2.23 | 40.42 | 42.66 | NOTE | |
r-release-linux-x86_64 | 0.6 | 1.58 | 27.76 | 29.34 | NOTE | |
r-release-osx-x86_64-mavericks | 0.6 | NOTE | ||||
r-release-osx-x86_64-snowleopard | 0.6 | NOTE | ||||
r-release-windows-ix86+x86_64 | 0.6 | 8.00 | 68.00 | 76.00 | NOTE | |
r-oldrel-windows-ix86+x86_64 | 0.5-10 | 9.00 | 53.00 | 62.00 | NOTE |
Version: 0.6
Check: package dependencies
Result: NOTE
Packages suggested but not available for checking:
‘Rcampdf’ ‘tm.lexicon.GeneralInquirer’
Flavors: r-devel-linux-x86_64-debian-clang, r-devel-linux-x86_64-debian-gcc, r-devel-linux-x86_64-fedora-clang, r-devel-linux-x86_64-fedora-gcc, r-patched-linux-x86_64, r-release-linux-ix86, r-release-linux-x86_64
Version: 0.6
Check: package dependencies
Result: NOTE
Packages suggested but not available for checking:
‘Rcampdf’ ‘Rpoppler’ ‘tm.lexicon.GeneralInquirer’
Flavors: r-devel-osx-x86_64-clang, r-devel-windows-ix86+x86_64, r-patched-solaris-sparc, r-patched-solaris-x86, r-release-osx-x86_64-snowleopard, r-release-windows-ix86+x86_64
Version: 0.6
Check: Rd cross-references
Result: NOTE
Package unavailable to check Rd xrefs: ‘Rpoppler’
Flavors: r-devel-osx-x86_64-clang, r-devel-windows-ix86+x86_64, r-patched-solaris-sparc, r-patched-solaris-x86, r-release-osx-x86_64-snowleopard, r-release-windows-ix86+x86_64
Version: 0.6
Check: package dependencies
Result: NOTE
Packages suggested but not available for checking:
‘Rcampdf’ ‘Rgraphviz’ ‘Rpoppler’ ‘tm.lexicon.GeneralInquirer’
Flavor: r-release-osx-x86_64-mavericks
Version: 0.6
Check: Rd cross-references
Result: NOTE
Packages unavailable to check Rd xrefs: ‘graph’, ‘Rpoppler’
Flavor: r-release-osx-x86_64-mavericks
Version: 0.5-10
Check: package dependencies
Result: NOTE
Packages suggested but not available for checking: 'Rcampdf' 'Rpoppler'
Flavor: r-oldrel-windows-ix86+x86_64
Version: 0.5-10
Check: Rd cross-references
Result: NOTE
Package unavailable to check Rd xrefs: 'Rpoppler'
Flavor: r-oldrel-windows-ix86+x86_64