Last updated on 2014-09-12 01:48:18.
Flavor | Version | Tinstall | Tcheck | Ttotal | Status | Flags |
---|---|---|---|---|---|---|
r-devel-linux-x86_64-debian-clang | 1.1 | 1.26 | 15.56 | 16.82 | OK | |
r-devel-linux-x86_64-debian-gcc | 1.1 | 1.30 | 15.18 | 16.49 | OK | |
r-devel-linux-x86_64-fedora-clang | 1.1 | 34.36 | OK | |||
r-devel-linux-x86_64-fedora-gcc | 1.1 | 31.34 | OK | |||
r-devel-osx-x86_64-clang | 1.1 | 32.25 | OK | |||
r-devel-windows-ix86+x86_64 | 1.1 | 4.00 | 28.00 | 32.00 | OK | |
r-patched-linux-x86_64 | 1.1 | 1.20 | 15.86 | 17.06 | OK | |
r-patched-solaris-sparc | 1.1 | 197.40 | OK | |||
r-patched-solaris-x86 | 1.1 | 49.80 | OK | |||
r-release-linux-ix86 | 1.1 | 1.55 | 22.00 | 23.56 | OK | |
r-release-linux-x86_64 | 1.1 | 1.20 | 16.50 | 17.70 | OK | |
r-release-osx-x86_64-mavericks | 1.1 | OK | ||||
r-release-osx-x86_64-snowleopard | 1.1 | OK | ||||
r-release-windows-ix86+x86_64 | 1.1 | 4.00 | 30.00 | 34.00 | OK | |
r-oldrel-windows-ix86+x86_64 | 1.1 | 1.00 | 1.00 | 2.00 | ERROR |
Version: 1.1
Check: package dependencies
Result: ERROR
Package required and available but unsuitable version: 'tm'
See the information on DESCRIPTION files in the chapter 'Creating R
packages' of the 'Writing R Extensions' manual.
Flavor: r-oldrel-windows-ix86+x86_64