CRAN Package Check Results for Package trajectories

Last updated on 2014-09-12 01:48:19.

Flavor Version Tinstall Tcheck Ttotal Status Flags
r-devel-linux-x86_64-debian-clang 0.1-1 3.24 42.88 46.12 OK
r-devel-linux-x86_64-debian-gcc 0.1-1 3.03 43.42 46.45 OK
r-devel-linux-x86_64-fedora-clang 0.1-1 107.38 OK
r-devel-linux-x86_64-fedora-gcc 0.1-1 100.47 OK
r-devel-osx-x86_64-clang 0.1-1 86.62 OK
r-devel-windows-ix86+x86_64 0.1-1 10.00 68.00 78.00 OK
r-patched-linux-x86_64 0.1-1 3.13 46.76 49.89 OK
r-patched-solaris-sparc 0.1-1 585.20 OK
r-patched-solaris-x86 0.1-1 156.50 OK
r-release-linux-ix86 0.1-1 3.87 61.59 65.46 OK
r-release-linux-x86_64 0.1-1 3.21 48.63 51.84 OK
r-release-osx-x86_64-mavericks 0.1-1 ERROR
r-release-osx-x86_64-snowleopard 0.1-1 OK
r-release-windows-ix86+x86_64 0.1-1 8.00 74.00 82.00 OK
r-oldrel-windows-ix86+x86_64 0.1-1 9.00 70.00 79.00 OK

Check Details

Version: 0.1-1
Check: package dependencies
Result: ERROR
    Packages required but not available: ‘spacetime’ ‘rgdal’ ‘rgeos’
    
    Package suggested but not available for checking: ‘OpenStreetMap’
    
    See the information on DESCRIPTION files in the chapter ‘Creating R
    packages’ of the ‘Writing R Extensions’ manual.
Flavor: r-release-osx-x86_64-mavericks