Last updated on 2014-09-12 01:48:19.
Flavor | Version | Tinstall | Tcheck | Ttotal | Status | Flags |
---|---|---|---|---|---|---|
r-devel-linux-x86_64-debian-clang | 1.2-8 | 2.91 | 28.85 | 31.76 | NOTE | |
r-devel-linux-x86_64-debian-gcc | 1.2-8 | 2.59 | 28.08 | 30.68 | NOTE | |
r-devel-linux-x86_64-fedora-clang | 1.2-8 | 60.67 | NOTE | |||
r-devel-linux-x86_64-fedora-gcc | 1.2-8 | 53.71 | NOTE | |||
r-devel-osx-x86_64-clang | 1.2-8 | 60.57 | NOTE | |||
r-devel-windows-ix86+x86_64 | 1.2-8 | 9.00 | 40.00 | 49.00 | NOTE | |
r-patched-linux-x86_64 | 1.2-8 | 2.70 | 29.48 | 32.18 | NOTE | |
r-patched-solaris-sparc | 1.2-8 | 357.30 | NOTE | |||
r-patched-solaris-x86 | 1.2-8 | 78.20 | NOTE | |||
r-release-linux-ix86 | 1.2-8 | 3.63 | 37.58 | 41.21 | NOTE | |
r-release-linux-x86_64 | 1.2-8 | 2.72 | 28.85 | 31.57 | NOTE | |
r-release-osx-x86_64-mavericks | 1.2-8 | NOTE | ||||
r-release-windows-ix86+x86_64 | 1.2-8 | 10.00 | 48.00 | 58.00 | NOTE | |
r-oldrel-windows-ix86+x86_64 | 1.2-8 | 9.00 | 47.00 | 56.00 | NOTE |
Version: 1.2-8
Check: dependencies in R code
Result: NOTE
Namespace in Imports field not imported from: ‘nlme’
All declared Imports should be used.
See the information on DESCRIPTION files in the chapter ‘Creating R
packages’ of the ‘Writing R Extensions’ manual.
Flavors: r-devel-linux-x86_64-debian-clang, r-devel-linux-x86_64-debian-gcc, r-devel-linux-x86_64-fedora-clang, r-devel-linux-x86_64-fedora-gcc, r-devel-osx-x86_64-clang, r-devel-windows-ix86+x86_64, r-patched-linux-x86_64, r-patched-solaris-sparc, r-patched-solaris-x86, r-release-linux-ix86, r-release-linux-x86_64, r-release-osx-x86_64-mavericks, r-release-windows-ix86+x86_64, r-oldrel-windows-ix86+x86_64
Version: 1.2-8
Check: top-level files
Result: NOTE
File
inst/LICENSE
will install at top-level and is not mentioned in the DESCRIPTION file.
Flavors: r-devel-osx-x86_64-clang, r-devel-windows-ix86+x86_64, r-release-osx-x86_64-mavericks, r-release-windows-ix86+x86_64, r-oldrel-windows-ix86+x86_64