Last updated on 2014-09-12 01:48:19.
Flavor | Version | Tinstall | Tcheck | Ttotal | Status | Flags |
---|---|---|---|---|---|---|
r-devel-linux-x86_64-debian-clang | 0.1-2 | 7.08 | 90.71 | 97.80 | NOTE | |
r-devel-linux-x86_64-debian-gcc | 0.1-2 | 6.92 | 87.84 | 94.76 | NOTE | |
r-devel-linux-x86_64-fedora-clang | 0.1-2 | 226.24 | NOTE | |||
r-devel-linux-x86_64-fedora-gcc | 0.1-2 | 210.63 | NOTE | |||
r-devel-osx-x86_64-clang | 0.1-2 | 188.44 | NOTE | |||
r-devel-windows-ix86+x86_64 | 0.1-2 | 25.00 | 142.00 | 167.00 | NOTE | |
r-patched-linux-x86_64 | 0.1-2 | 7.61 | 94.12 | 101.73 | OK | |
r-patched-solaris-sparc | 0.1-2 | 1218.80 | OK | |||
r-patched-solaris-x86 | 0.1-2 | 283.50 | OK | |||
r-release-linux-ix86 | 0.1-2 | 8.65 | 112.77 | 121.42 | OK | |
r-release-linux-x86_64 | 0.1-2 | 7.54 | 94.82 | 102.36 | OK | |
r-release-osx-x86_64-mavericks | 0.1-2 | OK | ||||
r-release-osx-x86_64-snowleopard | 0.1-2 | OK | ||||
r-release-windows-ix86+x86_64 | 0.1-2 | 25.00 | 156.00 | 181.00 | OK | |
r-oldrel-windows-ix86+x86_64 | 0.1-2 | 28.00 | 142.00 | 170.00 | OK |
Version: 0.1-2
Check: R code for possible problems
Result: NOTE
getData: no visible global function definition for ‘loadWorkbook’
getData: no visible global function definition for ‘readWorksheet’
meanDiff.multi: no visible global function definition for ‘coord_flip’
meanDiff.multi: no visible global function definition for ‘geom_hline’
Flavors: r-devel-linux-x86_64-debian-clang, r-devel-linux-x86_64-debian-gcc, r-devel-linux-x86_64-fedora-clang, r-devel-linux-x86_64-fedora-gcc, r-devel-osx-x86_64-clang, r-devel-windows-ix86+x86_64