Last updated on 2014-09-12 01:48:20.
Flavor | Version | Tinstall | Tcheck | Ttotal | Status | Flags |
---|---|---|---|---|---|---|
r-devel-linux-x86_64-debian-clang | 0.9-7 | 4.18 | 26.74 | 30.92 | NOTE | |
r-devel-linux-x86_64-debian-gcc | 0.9-7 | 4.98 | 25.21 | 30.19 | NOTE | |
r-devel-linux-x86_64-fedora-clang | 0.9-7 | 61.60 | NOTE | |||
r-devel-linux-x86_64-fedora-gcc | 0.9-7 | 57.26 | NOTE | |||
r-devel-osx-x86_64-clang | 0.9-7 | 58.48 | NOTE | |||
r-devel-windows-ix86+x86_64 | 0.9-7 | 33.00 | 47.00 | 80.00 | NOTE | |
r-patched-linux-x86_64 | 0.9-7 | 4.98 | 28.43 | 33.41 | OK | |
r-patched-solaris-sparc | 0.9-7 | 366.60 | OK | |||
r-patched-solaris-x86 | 0.9-7 | 92.90 | OK | |||
r-release-linux-ix86 | 0.9-7 | 7.01 | 39.02 | 46.02 | OK | |
r-release-linux-x86_64 | 0.9-7 | 4.98 | 28.22 | 33.20 | OK | |
r-release-osx-x86_64-mavericks | 0.9-7 | OK | ||||
r-release-windows-ix86+x86_64 | 0.9-7 | 34.00 | 50.00 | 84.00 | OK | |
r-oldrel-windows-ix86+x86_64 | 0.9-7 | 33.00 | 53.00 | 86.00 | OK |
Version: 0.9-7
Check: R code for possible problems
Result: NOTE
as.xts.ts: no visible global function definition for ‘as.yearqtr’
as.xts.ts: no visible global function definition for ‘as.yearmon’
rollapply.xts: no visible global function definition for ‘na.fill’
Flavors: r-devel-linux-x86_64-debian-clang, r-devel-linux-x86_64-debian-gcc, r-devel-linux-x86_64-fedora-clang, r-devel-linux-x86_64-fedora-gcc, r-devel-osx-x86_64-clang, r-devel-windows-ix86+x86_64