Last updated on 2014-10-10 15:48:47.
Flavor | Version | Tinstall | Tcheck | Ttotal | Status | Flags |
---|---|---|---|---|---|---|
r-devel-linux-x86_64-debian-clang | 0.7.0 | 2.76 | 39.84 | 42.60 | NOTE | |
r-devel-linux-x86_64-debian-gcc | 0.7.0 | 2.97 | 40.14 | 43.10 | NOTE | |
r-devel-linux-x86_64-fedora-clang | 0.7.0 | 108.48 | NOTE | |||
r-devel-linux-x86_64-fedora-gcc | 0.7.0 | 89.06 | NOTE | |||
r-devel-osx-x86_64-clang | 0.7.0 | 179.49 | NOTE | |||
r-devel-windows-ix86+x86_64 | 0.7.0 | 10.00 | 66.00 | 76.00 | NOTE | |
r-patched-linux-x86_64 | 0.7.0 | 3.12 | 43.10 | 46.22 | OK | |
r-patched-solaris-sparc | 0.7.0 | 590.60 | OK | |||
r-patched-solaris-x86 | 0.7.0 | 131.10 | OK | |||
r-release-linux-ix86 | 0.7.0 | 4.75 | 60.94 | 65.70 | OK | |
r-release-linux-x86_64 | 0.7.0 | 3.53 | 48.76 | 52.30 | OK | |
r-release-osx-x86_64-mavericks | 0.7.0 | OK | ||||
r-release-osx-x86_64-snowleopard | 0.7.0 | OK | ||||
r-release-windows-ix86+x86_64 | 0.7.0 | 14.00 | 74.00 | 88.00 | OK | |
r-oldrel-windows-ix86+x86_64 | 0.7.0 | 15.00 | 76.00 | 91.00 | OK |
Version: 0.7.0
Check: R code for possible problems
Result: NOTE
.onAttach: no visible global function definition for ‘startupMessage’
NmfPlm: no visible binding for global variable ‘Arguments’
doACNE.AffymetrixCelSet: no visible binding for global variable
‘Arguments’
doACNE.AffymetrixCelSet: no visible global function definition for
‘process’
doACNE.AffymetrixCelSet: no visible global function definition for
‘findUnitsTodo’
doACNE.AffymetrixCelSet: no visible global function definition for
‘fit’
doACNE.default: no visible binding for global variable ‘Arguments’
doACNE.default: no visible binding for global variable
‘AffymetrixCelSet’
plot.SnpNmfFit: no visible binding for global variable ‘fit’
Flavors: r-devel-linux-x86_64-debian-clang, r-devel-linux-x86_64-debian-gcc, r-devel-linux-x86_64-fedora-clang, r-devel-linux-x86_64-fedora-gcc, r-devel-osx-x86_64-clang, r-devel-windows-ix86+x86_64