Last updated on 2014-10-10 15:48:48.
Flavor | Version | Tinstall | Tcheck | Ttotal | Status | Flags |
---|---|---|---|---|---|---|
r-devel-linux-x86_64-debian-clang | 1.2-2 | 2.51 | 147.65 | 150.16 | NOTE | |
r-devel-linux-x86_64-debian-gcc | 1.2-2 | 2.66 | 146.87 | 149.53 | NOTE | |
r-devel-linux-x86_64-fedora-clang | 1.2-2 | 346.39 | NOTE | |||
r-devel-linux-x86_64-fedora-gcc | 1.2-2 | 294.11 | NOTE | |||
r-devel-osx-x86_64-clang | 1.2-2 | 529.48 | NOTE | |||
r-devel-windows-ix86+x86_64 | 1.2-2 | 8.00 | 194.00 | 202.00 | NOTE | |
r-patched-linux-x86_64 | 1.2-2 | 2.95 | 158.29 | 161.24 | OK | |
r-patched-solaris-sparc | 1.2-2 | 2097.90 | OK | |||
r-patched-solaris-x86 | 1.2-2 | 381.50 | OK | |||
r-release-linux-ix86 | 1.2-2 | 3.19 | 200.23 | 203.42 | OK | |
r-release-linux-x86_64 | 1.2-2 | 2.81 | 159.99 | 162.80 | OK | |
r-release-osx-x86_64-mavericks | 1.2-2 | OK | ||||
r-release-osx-x86_64-snowleopard | 1.2-2 | OK | ||||
r-release-windows-ix86+x86_64 | 1.2-2 | 8.00 | 219.00 | 227.00 | OK | |
r-oldrel-windows-ix86+x86_64 | 1.2-2 | 9.00 | 228.00 | 237.00 | OK |
Version: 1.2-2
Check: R code for possible problems
Result: NOTE
lrtest.fitdistr: no visible global function definition for
‘lrtest.default’
lrtest.tobit: no visible global function definition for
‘lrtest.default’
waldtest.tobit: no visible global function definition for
‘waldtest.default’
Flavors: r-devel-linux-x86_64-debian-clang, r-devel-linux-x86_64-debian-gcc, r-devel-linux-x86_64-fedora-clang, r-devel-linux-x86_64-fedora-gcc, r-devel-osx-x86_64-clang, r-devel-windows-ix86+x86_64