CRAN Package Check Results for Package AMAP.Seq

Last updated on 2014-10-10 15:48:48.

Flavor Version Tinstall Tcheck Ttotal Status Flags
r-devel-linux-x86_64-debian-clang 1.0 0.57 16.82 17.39 NOTE
r-devel-linux-x86_64-debian-gcc 1.0 0.60 16.00 16.59 NOTE
r-devel-linux-x86_64-fedora-clang 1.0 41.13 NOTE
r-devel-linux-x86_64-fedora-gcc 1.0 31.47 NOTE
r-devel-osx-x86_64-clang 1.0 61.76 OK
r-devel-windows-ix86+x86_64 1.0 2.00 28.00 30.00 OK
r-patched-linux-x86_64 1.0 0.66 16.26 16.93 NOTE
r-patched-solaris-sparc 1.0 220.10 OK
r-patched-solaris-x86 1.0 45.30 OK
r-release-linux-ix86 1.0 0.85 23.03 23.88 OK
r-release-linux-x86_64 1.0 0.54 16.43 16.97 NOTE
r-release-osx-x86_64-mavericks 1.0 OK
r-release-windows-ix86+x86_64 1.0 3.00 27.00 30.00 OK
r-oldrel-windows-ix86+x86_64 1.0 2.00 27.00 29.00 OK

Check Details

Version: 1.0
Check: Rd line widths
Result: NOTE
    Rd file 'MGN.EM.Rd':
     \usage lines wider than 90 characters:
     MGN.EM(data, nK, p0 = NULL, d0 = 0, nK0 = 0, iter.max = 10, print.steps = FALSE, MGN0 = NULL, model = NULL, nMC = 10000)
    
    Rd file 'test.AMAP.Rd':
     \usage lines wider than 90 characters:
     test.AMAP(data, MGN, del.lim = NULL, FC = NULL, print.steps = FALSE, Integration = "MC",nMC=NULL)
     \examples lines wider than 100 characters:
     data("SimuHapMap") # a matrix 'counts' storing simulated data with 10000 genes, two treatments, of which each has 5 replicates
    
    These lines will be truncated in the PDF manual.
Flavors: r-devel-linux-x86_64-debian-clang, r-devel-linux-x86_64-debian-gcc, r-devel-linux-x86_64-fedora-clang, r-devel-linux-x86_64-fedora-gcc, r-patched-linux-x86_64, r-release-linux-x86_64