Last updated on 2014-10-10 15:48:49.
Flavor | Version | Tinstall | Tcheck | Ttotal | Status | Flags |
---|---|---|---|---|---|---|
r-devel-linux-x86_64-debian-clang | 1.7 | 2.70 | 23.47 | 26.17 | OK | |
r-devel-linux-x86_64-debian-gcc | 1.7 | 2.69 | 23.54 | 26.23 | OK | |
r-devel-linux-x86_64-fedora-clang | 1.7 | 52.08 | OK | |||
r-devel-linux-x86_64-fedora-gcc | 1.7 | 40.01 | OK | |||
r-devel-osx-x86_64-clang | 1.7 | 86.80 | OK | |||
r-devel-windows-ix86+x86_64 | 1.7 | 9.00 | 46.00 | 55.00 | OK | |
r-patched-linux-x86_64 | 1.7 | 2.94 | 25.41 | 28.36 | OK | |
r-patched-solaris-sparc | 1.7 | 250.80 | NOTE | |||
r-patched-solaris-x86 | 1.7 | 58.60 | OK | |||
r-release-linux-ix86 | 1.7 | 3.64 | 32.85 | 36.49 | OK | |
r-release-linux-x86_64 | 1.7 | 3.09 | 24.22 | 27.30 | OK | |
r-release-osx-x86_64-mavericks | 1.7 | OK | ||||
r-release-osx-x86_64-snowleopard | 1.7 | OK | ||||
r-release-windows-ix86+x86_64 | 1.7 | 9.00 | 50.00 | 59.00 | OK | |
r-oldrel-windows-ix86+x86_64 | 1.7 | 9.00 | 51.00 | 60.00 | OK |
Version: 1.7
Check: package dependencies
Result: NOTE
Package suggested but not available for checking: ‘microbenchmark’
Flavor: r-patched-solaris-sparc