CRAN Package Check Results for Package BayesComm

Last updated on 2014-10-10 15:48:48.

Flavor Version Tinstall Tcheck Ttotal Status Flags
r-devel-linux-x86_64-debian-clang 0.1-0 12.59 19.80 32.39 NOTE
r-devel-linux-x86_64-debian-gcc 0.1-0 16.09 18.11 34.20 NOTE
r-devel-linux-x86_64-fedora-clang 0.1-0 80.32 NOTE
r-devel-linux-x86_64-fedora-gcc 0.1-0 63.93 NOTE
r-devel-osx-x86_64-clang 0.1-0 114.55 NOTE
r-devel-windows-ix86+x86_64 0.1-0 51.00 49.00 100.00 NOTE
r-patched-linux-x86_64 0.1-0 14.71 18.52 33.24 NOTE
r-patched-solaris-sparc 0.1-0 392.60 NOTE
r-patched-solaris-x86 0.1-0 82.70 NOTE
r-release-linux-ix86 0.1-0 17.97 25.44 43.41 NOTE
r-release-linux-x86_64 0.1-0 14.38 19.11 33.50 NOTE
r-release-osx-x86_64-mavericks 0.1-0 NOTE
r-release-windows-ix86+x86_64 0.1-0 50.00 46.00 96.00 NOTE
r-oldrel-windows-ix86+x86_64 0.1-0 50.00 52.00 102.00 NOTE

Check Details

Version: 0.1-0
Check: dependencies in R code
Result: NOTE
    Packages in Depends field not imported from:
     ‘Rcpp’ ‘RcppArmadillo’ ‘coda’
     These packages need to be imported from (in the NAMESPACE file)
     for when this namespace is loaded but not attached.
    See the information on DESCRIPTION files in the chapter ‘Creating R
    packages’ of the ‘Writing R Extensions’ manual.
Flavors: r-devel-linux-x86_64-debian-clang, r-devel-linux-x86_64-debian-gcc, r-devel-linux-x86_64-fedora-clang, r-devel-linux-x86_64-fedora-gcc, r-devel-osx-x86_64-clang, r-devel-windows-ix86+x86_64, r-patched-linux-x86_64, r-patched-solaris-sparc, r-patched-solaris-x86, r-release-linux-ix86, r-release-linux-x86_64, r-release-osx-x86_64-mavericks, r-release-windows-ix86+x86_64, r-oldrel-windows-ix86+x86_64

Version: 0.1-0
Check: R code for possible problems
Result: NOTE
    plot.bayescomm: no visible global function definition for ‘mcmc’
    summary.bayescomm: no visible global function definition for ‘mcmc’
    window.bayescomm : trim: no visible global function definition for
     ‘mcmc’
Flavors: r-devel-linux-x86_64-debian-clang, r-devel-linux-x86_64-debian-gcc, r-devel-linux-x86_64-fedora-clang, r-devel-linux-x86_64-fedora-gcc, r-devel-osx-x86_64-clang, r-devel-windows-ix86+x86_64

Version: 0.1-0
Check: DESCRIPTION meta-information
Result: NOTE
    'LinkingTo' for 'coda' is unused as it has no 'include' directory
Flavors: r-devel-windows-ix86+x86_64, r-release-windows-ix86+x86_64