CRAN Package Check Results for Package CarletonStats

Last updated on 2014-10-10 15:48:50.

Flavor Version Tinstall Tcheck Ttotal Status Flags
r-devel-linux-x86_64-debian-clang 1.1 0.70 14.28 14.98 NOTE
r-devel-linux-x86_64-debian-gcc 1.1 0.68 14.42 15.10 NOTE
r-devel-linux-x86_64-fedora-clang 1.1 37.39 NOTE
r-devel-linux-x86_64-fedora-gcc 1.1 28.47 NOTE
r-devel-osx-x86_64-clang 1.1 66.94 NOTE
r-devel-windows-ix86+x86_64 1.1 2.00 23.00 25.00 NOTE
r-patched-linux-x86_64 1.1 0.70 14.98 15.69 OK
r-patched-solaris-sparc 1.1 185.60 OK
r-patched-solaris-x86 1.1 43.10 OK
r-release-linux-ix86 1.1 1.01 22.06 23.08 OK
r-release-linux-x86_64 1.1 0.70 15.28 15.98 OK
r-release-osx-x86_64-mavericks 1.1 OK
r-release-osx-x86_64-snowleopard 1.1 OK
r-release-windows-ix86+x86_64 1.1 2.00 23.00 25.00 OK
r-oldrel-windows-ix86+x86_64 1.1 3.00 24.00 27.00 OK

Check Details

Version: 1.1
Check: R code for possible problems
Result: NOTE
    corDemo: no visible global function definition for ‘mvrnorm’
Flavors: r-devel-linux-x86_64-debian-clang, r-devel-linux-x86_64-debian-gcc, r-devel-linux-x86_64-fedora-clang, r-devel-linux-x86_64-fedora-gcc, r-devel-osx-x86_64-clang, r-devel-windows-ix86+x86_64