Last updated on 2014-10-10 15:48:50.
Flavor | Version | Tinstall | Tcheck | Ttotal | Status | Flags |
---|---|---|---|---|---|---|
r-devel-linux-x86_64-debian-clang | 1.0.2 | 1.38 | 20.37 | 21.75 | NOTE | |
r-devel-linux-x86_64-debian-gcc | 1.0.2 | 1.33 | 18.66 | 19.99 | NOTE | |
r-devel-linux-x86_64-fedora-clang | 1.0.2 | 48.48 | NOTE | |||
r-devel-linux-x86_64-fedora-gcc | 1.0.2 | 37.12 | NOTE | |||
r-devel-osx-x86_64-clang | 1.0.2 | 79.65 | NOTE | |||
r-devel-windows-ix86+x86_64 | 1.0.2 | 6.00 | 36.00 | 42.00 | NOTE | |
r-patched-linux-x86_64 | 1.0.2 | 1.37 | 18.95 | 20.32 | NOTE | |
r-patched-solaris-sparc | 1.0.2 | 220.80 | NOTE | |||
r-patched-solaris-x86 | 1.0.2 | 51.90 | NOTE | |||
r-release-linux-ix86 | 1.0.2 | 1.76 | 26.00 | 27.76 | NOTE | |
r-release-linux-x86_64 | 1.0.2 | 1.37 | 19.24 | 20.61 | NOTE | |
r-release-osx-x86_64-mavericks | 1.0.2 | NOTE | ||||
r-release-windows-ix86+x86_64 | 1.0.2 | 5.00 | 35.00 | 40.00 | NOTE | |
r-oldrel-windows-ix86+x86_64 | 1.0.2 | 6.00 | 34.00 | 40.00 | NOTE |
Version: 1.0.2
Check: dependencies in R code
Result: NOTE
'library' or 'require' call to ‘hypergeo’ which was already attached by Depends.
Please remove these calls from your code.
See the information on DESCRIPTION files in the chapter ‘Creating R
packages’ of the ‘Writing R Extensions’ manual.
Flavors: r-devel-linux-x86_64-debian-clang, r-devel-linux-x86_64-debian-gcc, r-devel-linux-x86_64-fedora-clang, r-devel-linux-x86_64-fedora-gcc, r-devel-osx-x86_64-clang, r-devel-windows-ix86+x86_64, r-patched-linux-x86_64, r-patched-solaris-sparc, r-patched-solaris-x86, r-release-linux-ix86, r-release-linux-x86_64, r-release-osx-x86_64-mavericks, r-release-windows-ix86+x86_64, r-oldrel-windows-ix86+x86_64