Last updated on 2014-10-10 15:48:53.
Flavor | Version | Tinstall | Tcheck | Ttotal | Status | Flags |
---|---|---|---|---|---|---|
r-devel-linux-x86_64-debian-clang | 0.1.0 | 0.54 | 10.65 | 11.18 | NOTE | |
r-devel-linux-x86_64-debian-gcc | 0.1.0 | 0.55 | 10.50 | 11.05 | NOTE | |
r-devel-linux-x86_64-fedora-clang | 0.1.0 | 28.14 | NOTE | |||
r-devel-linux-x86_64-fedora-gcc | 0.1.0 | 21.74 | NOTE | |||
r-devel-osx-x86_64-clang | 0.1.0 | 26.23 | NOTE | |||
r-devel-windows-ix86+x86_64 | 0.1.0 | 2.00 | 18.00 | 20.00 | NOTE | |
r-patched-linux-x86_64 | 0.1.0 | 0.55 | 11.84 | 12.39 | OK | |
r-patched-solaris-sparc | 0.1.0 | 130.90 | OK | |||
r-patched-solaris-x86 | 0.1.0 | 36.10 | OK | |||
r-release-linux-ix86 | 0.1.0 | 0.76 | 16.96 | 17.72 | OK | |
r-release-linux-x86_64 | 0.1.0 | 0.55 | 11.34 | 11.89 | OK | |
r-release-osx-x86_64-mavericks | 0.1.0 | OK | ||||
r-release-windows-ix86+x86_64 | 0.1.0 | 2.00 | 20.00 | 22.00 | OK | |
r-oldrel-windows-ix86+x86_64 | 0.1.0 | 2.00 | 21.00 | 23.00 | OK |
Version: 0.1.0
Check: R code for possible problems
Result: NOTE
FFieldPtRepDemo: no visible global function definition for ‘ggplot’
FFieldPtRepDemo: no visible global function definition for ‘aes’
FFieldPtRepDemo: no visible binding for global variable ‘mpg’
FFieldPtRepDemo: no visible global function definition for ‘geom_point’
FFieldPtRepDemo: no visible global function definition for ‘geom_text’
FFieldPtRepDemo: no visible global function definition for ‘ggtitle’
FFieldPtRepDemo: no visible global function definition for
‘geom_segment’
FFieldPtRepDemo: no visible global function definition for
‘grid.arrange’
Flavors: r-devel-linux-x86_64-debian-clang, r-devel-linux-x86_64-debian-gcc, r-devel-linux-x86_64-fedora-clang, r-devel-linux-x86_64-fedora-gcc, r-devel-osx-x86_64-clang, r-devel-windows-ix86+x86_64