Last updated on 2014-10-10 15:48:53.
Flavor | Version | Tinstall | Tcheck | Ttotal | Status | Flags |
---|---|---|---|---|---|---|
r-devel-linux-x86_64-debian-clang | 0.4-5 | 1.29 | 17.19 | 18.48 | NOTE | |
r-devel-linux-x86_64-debian-gcc | 0.4-5 | 1.80 | 17.15 | 18.94 | NOTE | |
r-devel-linux-x86_64-fedora-clang | 0.4-5 | 45.29 | NOTE | |||
r-devel-linux-x86_64-fedora-gcc | 0.4-5 | 34.54 | NOTE | |||
r-devel-osx-x86_64-clang | 0.4-5 | 36.24 | NOTE | |||
r-devel-windows-ix86+x86_64 | 0.4-5 | 16.00 | 27.00 | 43.00 | NOTE | |
r-patched-linux-x86_64 | 0.4-5 | 1.38 | 20.03 | 21.42 | OK | |
r-patched-solaris-sparc | 0.4-5 | 236.90 | OK | |||
r-patched-solaris-x86 | 0.4-5 | 58.10 | OK | |||
r-release-linux-ix86 | 0.4-5 | 1.85 | 28.35 | 30.20 | OK | |
r-release-linux-x86_64 | 0.4-5 | 1.30 | 21.78 | 23.08 | OK | |
r-release-osx-x86_64-mavericks | 0.4-5 | OK | ||||
r-release-osx-x86_64-snowleopard | 0.4-5 | OK | ||||
r-release-windows-ix86+x86_64 | 0.4-5 | 15.00 | 38.00 | 53.00 | OK | |
r-oldrel-windows-ix86+x86_64 | 0.4-5 | 18.00 | 32.00 | 50.00 | OK |
Version: 0.4-5
Check: R code for possible problems
Result: NOTE
FinTS.stats: no visible global function definition for ‘skewness’
FinTS.stats: no visible global function definition for ‘kurtosis’
Unitroot: no visible global function definition for ‘adfTest’
Unitroot: no visible global function definition for ‘unitrootTest’
plotArmaTrueacf: no visible global function definition for ‘polynomial’
summary.fHTEST: no visible global function definition for ‘padf’
Flavors: r-devel-linux-x86_64-debian-clang, r-devel-linux-x86_64-debian-gcc, r-devel-linux-x86_64-fedora-clang, r-devel-linux-x86_64-fedora-gcc, r-devel-osx-x86_64-clang, r-devel-windows-ix86+x86_64