Last updated on 2014-10-10 15:48:53.
Flavor | Version | Tinstall | Tcheck | Ttotal | Status | Flags |
---|---|---|---|---|---|---|
r-devel-linux-x86_64-debian-clang | 1.0.0 | 2.76 | 22.41 | 25.18 | OK | |
r-devel-linux-x86_64-debian-gcc | 1.0.0 | 2.99 | 22.58 | 25.56 | OK | |
r-devel-linux-x86_64-fedora-clang | 1.0.0 | 62.59 | OK | |||
r-devel-linux-x86_64-fedora-gcc | 1.0.0 | 49.01 | OK | |||
r-devel-osx-x86_64-clang | 1.0.0 | 45.68 | OK | |||
r-devel-windows-ix86+x86_64 | 1.0.0 | 11.00 | 42.00 | 53.00 | OK | |
r-patched-linux-x86_64 | 1.0.0 | 3.26 | 21.64 | 24.91 | OK | |
r-patched-solaris-sparc | 1.0.0 | 295.50 | OK | |||
r-patched-solaris-x86 | 1.0.0 | 69.10 | OK | |||
r-release-linux-ix86 | 1.0.0 | 3.61 | 29.00 | 32.61 | OK | |
r-release-linux-x86_64 | 1.0.0 | 3.14 | 22.06 | 25.19 | OK | |
r-release-osx-x86_64-mavericks | 1.0.0 | ERROR | ||||
r-release-osx-x86_64-snowleopard | 1.0.0 | ERROR | ||||
r-release-windows-ix86+x86_64 | 1.0.0 | 12.00 | 41.00 | 53.00 | OK | |
r-oldrel-windows-ix86+x86_64 | 1.0.0 | 10.00 | 56.00 | 66.00 | OK |
Version: 1.0.0
Check: package dependencies
Result: ERROR
Package required but not available: ‘breastCancerVDX’
See the information on DESCRIPTION files in the chapter ‘Creating R
packages’ of the ‘Writing R Extensions’ manual.
Flavors: r-release-osx-x86_64-mavericks, r-release-osx-x86_64-snowleopard