CRAN Package Check Results for Package GUIDE

Last updated on 2014-10-10 15:49:09.

Flavor Version Tinstall Tcheck Ttotal Status Flags
r-devel-linux-x86_64-debian-clang 1.0.9 1.64 27.70 29.35 NOTE
r-devel-linux-x86_64-debian-gcc 1.0.9 1.44 26.57 28.00 NOTE
r-devel-linux-x86_64-fedora-clang 1.0.9 65.16 NOTE
r-devel-linux-x86_64-fedora-gcc 1.0.9 48.86 NOTE
r-devel-osx-x86_64-clang 1.0.9 52.61 NOTE
r-devel-windows-ix86+x86_64 1.0.9 5.00 34.00 39.00 NOTE
r-patched-linux-x86_64 1.0.9 1.45 28.23 29.68 NOTE
r-patched-solaris-sparc 1.0.9 312.20 NOTE
r-patched-solaris-x86 1.0.9 74.90 NOTE
r-release-linux-ix86 1.0.9 2.13 37.46 39.58 NOTE
r-release-linux-x86_64 1.0.9 1.47 28.52 30.00 NOTE
r-release-osx-x86_64-mavericks 1.0.9 NOTE
r-release-osx-x86_64-snowleopard 1.0.9 OK
r-release-windows-ix86+x86_64 1.0.9 5.00 40.00 45.00 NOTE
r-oldrel-windows-ix86+x86_64 1.0.9 5.00 37.00 42.00 NOTE

Check Details

Version: 1.0.9
Check: dependencies in R code
Result: NOTE
    Packages in Depends field not imported from:
     ‘rpanel’ ‘tkrplot’
     These packages need to be imported from (in the NAMESPACE file)
     for when this namespace is loaded but not attached.
    See the information on DESCRIPTION files in the chapter ‘Creating R
    packages’ of the ‘Writing R Extensions’ manual.
Flavors: r-devel-linux-x86_64-debian-clang, r-devel-linux-x86_64-debian-gcc, r-devel-linux-x86_64-fedora-clang, r-devel-linux-x86_64-fedora-gcc, r-devel-osx-x86_64-clang, r-devel-windows-ix86+x86_64, r-patched-linux-x86_64, r-patched-solaris-sparc, r-patched-solaris-x86, r-release-linux-ix86, r-release-linux-x86_64, r-release-osx-x86_64-mavericks, r-release-windows-ix86+x86_64, r-oldrel-windows-ix86+x86_64

Version: 1.0.9
Check: R code for possible problems
Result: NOTE
    ABMPaths : my.redraw: no visible global function definition for
     ‘rp.tkrreplot’
    ABMPaths: no visible global function definition for ‘rp.control’
    ABMPaths: no visible global function definition for ‘rp.doublebutton’
    ABMPaths: no visible global function definition for ‘rp.do’
    BrownianPaths : my.redraw: no visible global function definition for
     ‘rp.tkrreplot’
    BrownianPaths: no visible global function definition for ‘rp.control’
    BrownianPaths: no visible global function definition for
     ‘rp.doublebutton’
    BrownianPaths: no visible global function definition for ‘rp.do’
    GBMPaths : my.redraw: no visible global function definition for
     ‘rp.tkrreplot’
    GBMPaths: no visible global function definition for ‘rp.control’
    GBMPaths: no visible global function definition for ‘rp.doublebutton’
    GBMPaths: no visible global function definition for ‘rp.do’
    GUIDE: no visible global function definition for ‘rp.control’
    GUIDE: no visible global function definition for ‘rp.menu’
    GUIDE: no visible global function definition for ‘rp.image’
    JDPaths : my.redraw: no visible global function definition for
     ‘rp.tkrreplot’
    JDPaths: no visible global function definition for ‘rp.control’
    JDPaths: no visible global function definition for ‘rp.doublebutton’
    JDPaths: no visible global function definition for ‘rp.do’
    Premium3D : my.redraw: no visible global function definition for
     ‘rp.tkrreplot’
    Premium3D: no visible global function definition for ‘rp.control’
    Premium3D: no visible global function definition for ‘rp.radiogroup’
    Premium3D: no visible global function definition for ‘rp.doublebutton’
    Premium3D: no visible global function definition for ‘rp.do’
    basicpayoffs : my.redraw: no visible global function definition for
     ‘rp.tkrreplot’
    basicpayoffs: no visible global function definition for ‘rp.control’
    basicpayoffs: no visible global function definition for ‘rp.checkbox’
    basicpayoffs: no visible global function definition for ‘rp.tkrplot’
    basicpayoffs: no visible global function definition for ‘rp.radiogroup’
    bearspreadputs : my.redraw: no visible global function definition for
     ‘rp.tkrreplot’
    bearspreadputs: no visible global function definition for ‘rp.control’
    bearspreadputs: no visible global function definition for ‘rp.tkrplot’
    bearspreadputs: no visible global function definition for ‘rp.checkbox’
    blackscholes : my.redraw: no visible global function definition for
     ‘rp.tkrreplot’
    blackscholes: no visible global function definition for ‘rp.control’
    blackscholes: no visible global function definition for ‘rp.textentry’
    blackscholes: no visible global function definition for ‘rp.radiogroup’
    blackscholes: no visible global function definition for ‘rp.tkrplot’
    bondchange : my.redraw: no visible global function definition for
     ‘rp.tkrreplot’
    bondchange: no visible global function definition for ‘rp.control’
    bondchange: no visible global function definition for ‘rp.textentry’
    bondchange: no visible global function definition for ‘rp.doublebutton’
    bondchange: no visible global function definition for ‘rp.radiogroup’
    bondchange: no visible global function definition for ‘rp.tkrplot’
    bondconv : my.redraw: no visible global function definition for
     ‘rp.tkrreplot’
    bondconv: no visible global function definition for ‘rp.control’
    bondconv: no visible global function definition for ‘rp.textentry’
    bondconv: no visible global function definition for ‘rp.doublebutton’
    bondconv: no visible global function definition for ‘rp.radiogroup’
    bondconv: no visible global function definition for ‘rp.tkrplot’
    bonddur : my.redraw: no visible global function definition for
     ‘rp.tkrreplot’
    bonddur: no visible global function definition for ‘rp.control’
    bonddur: no visible global function definition for ‘rp.textentry’
    bonddur: no visible global function definition for ‘rp.doublebutton’
    bonddur: no visible global function definition for ‘rp.radiogroup’
    bonddur: no visible global function definition for ‘rp.tkrplot’
    bondforwardtreegui: no visible global function definition for
     ‘rp.control’
    bondforwardtreegui: no visible global function definition for
     ‘rp.textentry’
    bondforwardtreegui: no visible global function definition for
     ‘rp.doublebutton’
    bondforwardtreegui: no visible global function definition for
     ‘rp.radiogroup’
    bondforwardtreegui: no visible global function definition for ‘rp.do’
    bondfuturestreegui: no visible global function definition for
     ‘rp.control’
    bondfuturestreegui: no visible global function definition for
     ‘rp.textentry’
    bondfuturestreegui: no visible global function definition for
     ‘rp.doublebutton’
    bondfuturestreegui: no visible global function definition for
     ‘rp.radiogroup’
    bondfuturestreegui: no visible global function definition for ‘rp.do’
    bondoptiontreegui: no visible global function definition for
     ‘rp.control’
    bondoptiontreegui: no visible global function definition for
     ‘rp.radiogroup’
    bondoptiontreegui: no visible global function definition for
     ‘rp.textentry’
    bondoptiontreegui: no visible global function definition for
     ‘rp.doublebutton’
    bondoptiontreegui: no visible global function definition for ‘rp.do’
    bondprice : my.redraw: no visible global function definition for
     ‘rp.tkrreplot’
    bondprice: no visible global function definition for ‘rp.control’
    bondprice: no visible global function definition for ‘rp.textentry’
    bondprice: no visible global function definition for ‘rp.doublebutton’
    bondprice: no visible global function definition for ‘rp.radiogroup’
    bondprice: no visible global function definition for ‘rp.tkrplot’
    bondtreegui: no visible global function definition for ‘rp.control’
    bondtreegui: no visible global function definition for ‘rp.textentry’
    bondtreegui: no visible global function definition for
     ‘rp.doublebutton’
    bondtreegui: no visible global function definition for ‘rp.radiogroup’
    bondtreegui: no visible global function definition for ‘rp.do’
    bullspreadcalls : my.redraw: no visible global function definition for
     ‘rp.tkrreplot’
    bullspreadcalls: no visible global function definition for ‘rp.control’
    bullspreadcalls: no visible global function definition for ‘rp.tkrplot’
    bullspreadcalls: no visible global function definition for
     ‘rp.checkbox’
    butterfly : my.redraw: no visible global function definition for
     ‘rp.tkrreplot’
    butterfly: no visible global function definition for ‘rp.control’
    butterfly: no visible global function definition for ‘rp.tkrplot’
    butterfly: no visible global function definition for ‘rp.checkbox’
    calcgreeks : my.redraw: no visible global function definition for
     ‘rp.tkrreplot’
    calcgreeks: no visible global function definition for ‘rp.control’
    calcgreeks: no visible global function definition for ‘rp.textentry’
    calcgreeks: no visible global function definition for ‘rp.radiogroup’
    calcgreeks: no visible global function definition for ‘rp.doublebutton’
    calcgreeks: no visible global function definition for ‘rp.tkrplot’
    captreegui: no visible global function definition for ‘rp.control’
    captreegui: no visible global function definition for ‘rp.textentry’
    captreegui: no visible global function definition for ‘rp.doublebutton’
    captreegui: no visible global function definition for ‘rp.radiogroup’
    captreegui: no visible global function definition for ‘rp.do’
    cashprice : my.redraw: no visible global function definition for
     ‘rp.tkrreplot’
    cashprice: no visible global function definition for ‘rp.control’
    cashprice: no visible global function definition for ‘rp.textentry’
    cashprice: no visible global function definition for ‘rp.tkrplot’
    cdswap : my.redraw: no visible global function definition for
     ‘rp.tkrreplot’
    cdswap: no visible global function definition for ‘rp.control’
    cdswap: no visible global function definition for ‘rp.textentry’
    cdswap: no visible global function definition for ‘rp.radiogroup’
    cdswap: no visible global function definition for ‘rp.doublebutton’
    cdswap: no visible global function definition for ‘rp.tkrplot’
    curswapvalue : my.redraw: no visible global function definition for
     ‘rp.tkrreplot’
    curswapvalue: no visible global function definition for ‘rp.control’
    curswapvalue: no visible global function definition for ‘rp.textentry’
    curswapvalue: no visible global function definition for ‘rp.radiogroup’
    curswapvalue: no visible global function definition for ‘rp.tkrplot’
    durcoupon : my.redraw: no visible global function definition for
     ‘rp.tkrreplot’
    durcoupon: no visible global function definition for ‘rp.control’
    durcoupon: no visible global function definition for ‘rp.doublebutton’
    durcoupon: no visible global function definition for ‘rp.tkrplot’
    durmaturity : my.redraw: no visible global function definition for
     ‘rp.tkrreplot’
    durmaturity: no visible global function definition for ‘rp.control’
    durmaturity: no visible global function definition for
     ‘rp.doublebutton’
    durmaturity: no visible global function definition for ‘rp.tkrplot’
    duryield : my.redraw: no visible global function definition for
     ‘rp.tkrreplot’
    duryield: no visible global function definition for ‘rp.control’
    duryield: no visible global function definition for ‘rp.doublebutton’
    duryield: no visible global function definition for ‘rp.tkrplot’
    eurodollar : my.redraw: no visible global function definition for
     ‘rp.tkrreplot’
    eurodollar: no visible global function definition for ‘rp.control’
    eurodollar: no visible global function definition for ‘rp.textentry’
    eurodollar: no visible global function definition for ‘rp.tkrplot’
    floortreegui: no visible global function definition for ‘rp.control’
    floortreegui: no visible global function definition for ‘rp.textentry’
    floortreegui: no visible global function definition for
     ‘rp.doublebutton’
    floortreegui: no visible global function definition for ‘rp.radiogroup’
    floortreegui: no visible global function definition for ‘rp.do’
    forwardcommodity : my.redraw: no visible global function definition for
     ‘rp.tkrreplot’
    forwardcommodity: no visible global function definition for
     ‘rp.control’
    forwardcommodity: no visible global function definition for
     ‘rp.textentry’
    forwardcommodity: no visible global function definition for
     ‘rp.radiogroup’
    forwardcommodity: no visible global function definition for
     ‘rp.tkrplot’
    forwardcurrency : my.redraw: no visible global function definition for
     ‘rp.tkrreplot’
    forwardcurrency: no visible global function definition for ‘rp.control’
    forwardcurrency: no visible global function definition for
     ‘rp.textentry’
    forwardcurrency: no visible global function definition for
     ‘rp.radiogroup’
    forwardcurrency: no visible global function definition for ‘rp.tkrplot’
    forwardstock : my.redraw: no visible global function definition for
     ‘rp.tkrreplot’
    forwardstock: no visible global function definition for ‘rp.control’
    forwardstock: no visible global function definition for ‘rp.textentry’
    forwardstock: no visible global function definition for ‘rp.radiogroup’
    forwardstock: no visible global function definition for ‘rp.tkrplot’
    fra : my.redraw: no visible global function definition for
     ‘rp.tkrreplot’
    fra: no visible global function definition for ‘rp.control’
    fra: no visible global function definition for ‘rp.textentry’
    fra: no visible global function definition for ‘rp.radiogroup’
    fra: no visible global function definition for ‘rp.tkrplot’
    fravalue : my.redraw: no visible global function definition for
     ‘rp.tkrreplot’
    fravalue: no visible global function definition for ‘rp.control’
    fravalue: no visible global function definition for ‘rp.textentry’
    fravalue: no visible global function definition for ‘rp.tkrplot’
    futurescommodity : my.redraw: no visible global function definition for
     ‘rp.tkrreplot’
    futurescommodity: no visible global function definition for
     ‘rp.control’
    futurescommodity: no visible global function definition for
     ‘rp.textentry’
    futurescommodity: no visible global function definition for
     ‘rp.radiogroup’
    futurescommodity: no visible global function definition for
     ‘rp.tkrplot’
    futurescurrency : my.redraw: no visible global function definition for
     ‘rp.tkrreplot’
    futurescurrency: no visible global function definition for ‘rp.control’
    futurescurrency: no visible global function definition for
     ‘rp.textentry’
    futurescurrency: no visible global function definition for
     ‘rp.radiogroup’
    futurescurrency: no visible global function definition for ‘rp.tkrplot’
    futuresstock : my.redraw: no visible global function definition for
     ‘rp.tkrreplot’
    futuresstock: no visible global function definition for ‘rp.control’
    futuresstock: no visible global function definition for ‘rp.textentry’
    futuresstock: no visible global function definition for ‘rp.radiogroup’
    futuresstock: no visible global function definition for ‘rp.tkrplot’
    fv : my.redraw: no visible global function definition for
     ‘rp.tkrreplot’
    fv: no visible global function definition for ‘rp.control’
    fv: no visible global function definition for ‘rp.textentry’
    fv: no visible global function definition for ‘rp.radiogroup’
    fv: no visible global function definition for ‘rp.tkrplot’
    fvann : my.redraw: no visible global function definition for
     ‘rp.tkrreplot’
    fvann: no visible global function definition for ‘rp.control’
    fvann: no visible global function definition for ‘rp.textentry’
    fvann: no visible global function definition for ‘rp.radiogroup’
    fvann: no visible global function definition for ‘rp.tkrplot’
    greekneutrality : my.redraw: no visible global function definition for
     ‘rp.tkrreplot’
    greekneutrality: no visible global function definition for ‘rp.control’
    greekneutrality: no visible global function definition for
     ‘rp.textentry’
    greekneutrality: no visible global function definition for
     ‘rp.radiogroup’
    greekneutrality: no visible global function definition for ‘rp.tkrplot’
    impvol : my.redraw: no visible global function definition for
     ‘rp.tkrreplot’
    impvol: no visible global function definition for ‘rp.control’
    impvol: no visible global function definition for ‘rp.textentry’
    impvol: no visible global function definition for ‘rp.radiogroup’
    impvol: no visible global function definition for ‘rp.tkrplot’
    irswapvalue : my.redraw: no visible global function definition for
     ‘rp.tkrreplot’
    irswapvalue: no visible global function definition for ‘rp.control’
    irswapvalue: no visible global function definition for ‘rp.textentry’
    irswapvalue: no visible global function definition for ‘rp.radiogroup’
    irswapvalue: no visible global function definition for ‘rp.tkrplot’
    pricematurity : my.redraw: no visible global function definition for
     ‘rp.tkrreplot’
    pricematurity: no visible global function definition for ‘rp.control’
    pricematurity: no visible global function definition for ‘rp.tkrplot’
    pricematurity: no visible global function definition for ‘rp.slider’
    pricematurity: no visible global function definition for
     ‘rp.radiogroup’
    priceyield : my.redraw: no visible global function definition for
     ‘rp.tkrreplot’
    priceyield: no visible global function definition for ‘rp.control’
    priceyield: no visible global function definition for ‘rp.tkrplot’
    priceyield: no visible global function definition for ‘rp.slider’
    priceyield: no visible global function definition for ‘rp.doublebutton’
    priceyield: no visible global function definition for ‘rp.radiogroup’
    pv : my.redraw: no visible global function definition for
     ‘rp.tkrreplot’
    pv: no visible global function definition for ‘rp.control’
    pv: no visible global function definition for ‘rp.textentry’
    pv: no visible global function definition for ‘rp.radiogroup’
    pv: no visible global function definition for ‘rp.tkrplot’
    pval : my.redraw: no visible global function definition for
     ‘rp.tkrreplot’
    pval: no visible global function definition for ‘rp.control’
    pval: no visible global function definition for ‘rp.textentry’
    pval: no visible global function definition for ‘rp.tkrplot’
    pvann : my.redraw: no visible global function definition for
     ‘rp.tkrreplot’
    pvann: no visible global function definition for ‘rp.control’
    pvann: no visible global function definition for ‘rp.textentry’
    pvann: no visible global function definition for ‘rp.radiogroup’
    pvann: no visible global function definition for ‘rp.tkrplot’
    rate : my.redraw: no visible global function definition for
     ‘rp.tkrreplot’
    rate: no visible global function definition for ‘rp.control’
    rate: no visible global function definition for ‘rp.radiogroup’
    rate: no visible global function definition for ‘rp.textentry’
    rate: no visible global function definition for ‘rp.tkrplot’
    ratetreegui: no visible global function definition for ‘rp.control’
    ratetreegui: no visible global function definition for ‘rp.textentry’
    ratetreegui: no visible global function definition for
     ‘rp.doublebutton’
    ratetreegui: no visible global function definition for ‘rp.do’
    reversebutterfly : my.redraw: no visible global function definition for
     ‘rp.tkrreplot’
    reversebutterfly: no visible global function definition for
     ‘rp.control’
    reversebutterfly: no visible global function definition for
     ‘rp.tkrplot’
    reversebutterfly: no visible global function definition for
     ‘rp.checkbox’
    reversestraddle : my.redraw: no visible global function definition for
     ‘rp.tkrreplot’
    reversestraddle: no visible global function definition for ‘rp.control’
    reversestraddle: no visible global function definition for ‘rp.tkrplot’
    reversestraddle: no visible global function definition for
     ‘rp.checkbox’
    reversestrangle : my.redraw: no visible global function definition for
     ‘rp.tkrreplot’
    reversestrangle: no visible global function definition for ‘rp.control’
    reversestrangle: no visible global function definition for ‘rp.tkrplot’
    reversestrangle: no visible global function definition for
     ‘rp.checkbox’
    stockTimeGreeks : my.redraw: no visible global function definition for
     ‘rp.tkrreplot’
    stockTimeGreeks: no visible global function definition for ‘rp.control’
    stockTimeGreeks: no visible global function definition for
     ‘rp.radiogroup’
    stockTimeGreeks: no visible global function definition for
     ‘rp.doublebutton’
    stockTimeGreeks: no visible global function definition for ‘rp.do’
    stockoptiontreegui: no visible global function definition for
     ‘rp.control’
    stockoptiontreegui: no visible global function definition for
     ‘rp.radiogroup’
    stockoptiontreegui: no visible global function definition for
     ‘rp.textentry’
    stockoptiontreegui: no visible global function definition for
     ‘rp.doublebutton’
    stockoptiontreegui: no visible global function definition for ‘rp.do’
    straddle : my.redraw: no visible global function definition for
     ‘rp.tkrreplot’
    straddle: no visible global function definition for ‘rp.control’
    straddle: no visible global function definition for ‘rp.tkrplot’
    straddle: no visible global function definition for ‘rp.checkbox’
    strangle : my.redraw: no visible global function definition for
     ‘rp.tkrreplot’
    strangle: no visible global function definition for ‘rp.control’
    strangle: no visible global function definition for ‘rp.tkrplot’
    strangle: no visible global function definition for ‘rp.checkbox’
    strap : my.redraw: no visible global function definition for
     ‘rp.tkrreplot’
    strap: no visible global function definition for ‘rp.control’
    strap: no visible global function definition for ‘rp.checkbox’
    strap: no visible global function definition for ‘rp.tkrplot’
    strip : my.redraw: no visible global function definition for
     ‘rp.tkrreplot’
    strip: no visible global function definition for ‘rp.control’
    strip: no visible global function definition for ‘rp.checkbox’
    strip: no visible global function definition for ‘rp.tkrplot’
    swaptiontreegui: no visible global function definition for ‘rp.control’
    swaptiontreegui: no visible global function definition for
     ‘rp.textentry’
    swaptiontreegui: no visible global function definition for
     ‘rp.doublebutton’
    swaptiontreegui: no visible global function definition for
     ‘rp.radiogroup’
    swaptiontreegui: no visible global function definition for ‘rp.do’
    swaptreegui: no visible global function definition for ‘rp.control’
    swaptreegui: no visible global function definition for ‘rp.textentry’
    swaptreegui: no visible global function definition for
     ‘rp.doublebutton’
    swaptreegui: no visible global function definition for ‘rp.radiogroup’
    swaptreegui: no visible global function definition for ‘rp.do’
    trading.menu: no visible global function definition for ‘rp.control’
    trading.menu: no visible global function definition for ‘rp.radiogroup’
    var1stock : my.redraw: no visible global function definition for
     ‘rp.tkrreplot’
    var1stock: no visible global function definition for ‘rp.control’
    var1stock: no visible global function definition for ‘rp.textentry’
    var1stock: no visible global function definition for ‘rp.doublebutton’
    var1stock: no visible global function definition for ‘rp.radiogroup’
    var1stock: no visible global function definition for ‘rp.tkrplot’
    var2stocks : my.redraw: no visible global function definition for
     ‘rp.tkrreplot’
    var2stocks: no visible global function definition for ‘rp.control’
    var2stocks: no visible global function definition for ‘rp.textentry’
    var2stocks: no visible global function definition for ‘rp.doublebutton’
    var2stocks: no visible global function definition for ‘rp.tkrplot’
    varbehavior: no visible global function definition for ‘rp.control’
    varbehavior: no visible global function definition for
     ‘rp.doublebutton’
    varbehavior: no visible global function definition for ‘rp.radiogroup’
    varbehavior: no visible global function definition for ‘rp.do’
    zval : my.redraw: no visible global function definition for
     ‘rp.tkrreplot’
    zval: no visible global function definition for ‘rp.control’
    zval: no visible global function definition for ‘rp.textentry’
    zval: no visible global function definition for ‘rp.tkrplot’
Flavors: r-devel-linux-x86_64-debian-clang, r-devel-linux-x86_64-debian-gcc, r-devel-linux-x86_64-fedora-clang, r-devel-linux-x86_64-fedora-gcc, r-devel-osx-x86_64-clang, r-devel-windows-ix86+x86_64