Last updated on 2014-10-10 15:48:54.
Flavor | Version | Tinstall | Tcheck | Ttotal | Status | Flags |
---|---|---|---|---|---|---|
r-devel-linux-x86_64-debian-clang | 1.0 | 0.56 | 11.94 | 12.50 | NOTE | |
r-devel-linux-x86_64-debian-gcc | 1.0 | 0.55 | 11.58 | 12.14 | NOTE | |
r-devel-linux-x86_64-fedora-clang | 1.0 | 32.04 | NOTE | |||
r-devel-linux-x86_64-fedora-gcc | 1.0 | 23.19 | NOTE | |||
r-devel-osx-x86_64-clang | 1.0 | 25.58 | OK | |||
r-devel-windows-ix86+x86_64 | 1.0 | 2.00 | 20.00 | 22.00 | OK | |
r-patched-linux-x86_64 | 1.0 | 0.56 | 11.97 | 12.53 | NOTE | |
r-patched-solaris-sparc | 1.0 | 147.40 | OK | |||
r-patched-solaris-x86 | 1.0 | 34.90 | OK | |||
r-release-linux-ix86 | 1.0 | 0.80 | 17.51 | 18.31 | OK | |
r-release-linux-x86_64 | 1.0 | 0.52 | 11.81 | 12.33 | NOTE | |
r-release-osx-x86_64-mavericks | 1.0 | OK | ||||
r-release-windows-ix86+x86_64 | 1.0 | 3.00 | 20.00 | 23.00 | OK | |
r-oldrel-windows-ix86+x86_64 | 1.0 | 2.00 | 19.00 | 21.00 | OK |
Version: 1.0
Check: Rd line widths
Result: NOTE
Rd file 'flexorhtest.Rd':
\examples lines wider than 100 characters:
plot(x,y, main="Location and Strong Order Restrictions",cex.axis=1.5, cex.lab=1.5, cex.main=1.5, cex=1.5)
These lines will be truncated in the PDF manual.
Flavors: r-devel-linux-x86_64-debian-clang, r-devel-linux-x86_64-debian-gcc, r-devel-linux-x86_64-fedora-clang, r-devel-linux-x86_64-fedora-gcc, r-patched-linux-x86_64, r-release-linux-x86_64