Last updated on 2014-10-10 15:48:54.
Flavor | Version | Tinstall | Tcheck | Ttotal | Status | Flags |
---|---|---|---|---|---|---|
r-devel-linux-x86_64-debian-clang | 1.03 | 1.16 | 31.76 | 32.92 | NOTE | |
r-devel-linux-x86_64-debian-gcc | 1.03 | 1.15 | 31.40 | 32.55 | NOTE | |
r-devel-linux-x86_64-fedora-clang | 1.03 | 80.08 | NOTE | |||
r-devel-linux-x86_64-fedora-gcc | 1.03 | 63.41 | NOTE | |||
r-devel-osx-x86_64-clang | 1.03 | 62.71 | NOTE | |||
r-devel-windows-ix86+x86_64 | 1.03 | 4.00 | 60.00 | 64.00 | NOTE | |
r-patched-linux-x86_64 | 1.03 | 1.19 | 32.62 | 33.81 | NOTE | |
r-patched-solaris-sparc | 1.03 | 461.70 | NOTE | |||
r-patched-solaris-x86 | 1.03 | 100.70 | NOTE | |||
r-release-linux-ix86 | 1.03 | 1.70 | 43.54 | 45.24 | NOTE | |
r-release-linux-x86_64 | 1.03 | 1.37 | 32.98 | 34.35 | NOTE | |
r-release-osx-x86_64-mavericks | 1.03 | NOTE | ||||
r-release-osx-x86_64-snowleopard | 1.03 | OK | ||||
r-release-windows-ix86+x86_64 | 1.03 | 4.00 | 67.00 | 71.00 | NOTE | |
r-oldrel-windows-ix86+x86_64 | 1.03 | 5.00 | 57.00 | 62.00 | NOTE |
Version: 1.03
Check: dependencies in R code
Result: NOTE
Packages in Depends field not imported from:
‘changepoint’ ‘maps’
These packages need to be imported from (in the NAMESPACE file)
for when this namespace is loaded but not attached.
See the information on DESCRIPTION files in the chapter ‘Creating R
packages’ of the ‘Writing R Extensions’ manual.
Flavors: r-devel-linux-x86_64-debian-clang, r-devel-linux-x86_64-debian-gcc, r-devel-linux-x86_64-fedora-clang, r-devel-linux-x86_64-fedora-gcc, r-devel-osx-x86_64-clang, r-devel-windows-ix86+x86_64, r-patched-linux-x86_64, r-patched-solaris-sparc, r-patched-solaris-x86, r-release-linux-ix86, r-release-linux-x86_64, r-release-osx-x86_64-mavericks, r-release-windows-ix86+x86_64, r-oldrel-windows-ix86+x86_64
Version: 1.03
Check: R code for possible problems
Result: NOTE
changeLight: no visible global function definition for
‘binseg.mean.cusum’
siteMap: no visible global function definition for ‘map’
siteMap: no visible global function definition for ‘map.axes’
tripMap: no visible global function definition for ‘map’
tripMap: no visible global function definition for ‘map.axes’
Flavors: r-devel-linux-x86_64-debian-clang, r-devel-linux-x86_64-debian-gcc, r-devel-linux-x86_64-fedora-clang, r-devel-linux-x86_64-fedora-gcc, r-devel-osx-x86_64-clang, r-devel-windows-ix86+x86_64
Version: 1.03
Check: Rd line widths
Result: NOTE
Rd file 'changeLight.Rd':
\usage lines wider than 90 characters:
changeLight(tFirst,tSecond,type,quantile=0.6,rise.prob=NA,set.prob=NA,days=5,plot=TRUE,summary=TRUE)
Rd file 'siteMap.Rd':
\usage lines wider than 90 characters:
xlim,ylim,xlab="Longitude",ylab="Latitude",lwd=1,lty=1,pch=1,cex=1,col,main,add=FALSE)
Rd file 'trip2kml.Rd':
\usage lines wider than 90 characters:
trip2kml(file, tFirst, tSecond, type, degElevation, col.scheme="heat.colors", point.alpha=0.7, cex=1, line.col="goldenrod")
Rd file 'twilightCalc.Rd':
\usage lines wider than 90 characters:
twilightCalc(datetime,light,LightThreshold=TRUE,preSelection=TRUE,maxLight=NULL,ask=TRUE,nsee=500,allTwilights=FALSE)
These lines will be truncated in the PDF manual.
Flavors: r-devel-linux-x86_64-debian-clang, r-devel-linux-x86_64-debian-gcc, r-devel-linux-x86_64-fedora-clang, r-devel-linux-x86_64-fedora-gcc, r-patched-linux-x86_64, r-release-linux-x86_64