CRAN Package Check Results for Package HiDimMaxStable

Last updated on 2014-10-10 15:49:09.

Flavor Version Tinstall Tcheck Ttotal Status Flags
r-devel-linux-x86_64-debian-clang 0.1 4.94 60.08 65.02 OK
r-devel-linux-x86_64-debian-gcc 0.1 4.69 62.05 66.74 OK
r-devel-linux-x86_64-fedora-clang 0.1 83.21 OK
r-devel-linux-x86_64-fedora-gcc 0.1 81.19 OK
r-devel-osx-x86_64-clang 0.1 72.62 OK
r-devel-windows-ix86+x86_64 0.1 14.00 81.00 95.00 OK
r-patched-linux-x86_64 0.1 5.53 62.86 68.39 OK
r-patched-solaris-sparc 0.1 796.80 OK
r-patched-solaris-x86 0.1 171.50 OK
r-release-linux-x86_64 0.1 5.11 64.34 69.45 OK
r-release-osx-x86_64-mavericks 0.1 ERROR
r-release-osx-x86_64-snowleopard 0.1 OK
r-release-windows-ix86+x86_64 0.1 16.00 100.00 116.00 OK
r-oldrel-windows-ix86+x86_64 0.1 14.00 95.00 109.00 OK

Check Details

Version: 0.1
Check: package dependencies
Result: ERROR
    Package required but not available: ‘copula’
    
    See the information on DESCRIPTION files in the chapter ‘Creating R
    packages’ of the ‘Writing R Extensions’ manual.
Flavor: r-release-osx-x86_64-mavericks