Last updated on 2014-10-10 15:49:10.
Flavor | Version | Tinstall | Tcheck | Ttotal | Status | Flags |
---|---|---|---|---|---|---|
r-devel-linux-x86_64-debian-clang | 0.6-1 | 2.90 | 8.88 | 11.78 | NOTE | |
r-devel-linux-x86_64-debian-gcc | 0.6-1 | 2.74 | 8.67 | 11.41 | NOTE | |
r-devel-linux-x86_64-fedora-clang | 0.6-1 | 27.78 | NOTE | |||
r-devel-linux-x86_64-fedora-gcc | 0.6-1 | 20.34 | NOTE | |||
r-devel-osx-x86_64-clang | 0.6-1 | 28.76 | NOTE | |||
r-devel-windows-ix86+x86_64 | 0.6-1 | 10.00 | 21.00 | 31.00 | NOTE | |
r-patched-linux-x86_64 | 0.6-1 | 2.75 | 9.52 | 12.27 | NOTE | |
r-patched-solaris-sparc | 0.6-1 | 126.30 | OK | |||
r-patched-solaris-x86 | 0.6-1 | 40.40 | OK | |||
r-release-linux-ix86 | 0.6-1 | 4.43 | 14.69 | 19.12 | OK | |
r-release-linux-x86_64 | 0.6-1 | 2.73 | 9.14 | 11.87 | NOTE | |
r-release-osx-x86_64-mavericks | 0.6-1 | OK | ||||
r-release-windows-ix86+x86_64 | 0.6-1 | 17.00 | 22.00 | 39.00 | OK | |
r-oldrel-windows-ix86+x86_64 | 0.6-1 | 11.00 | 22.00 | 33.00 | OK |
Version: 0.6-1
Check: top-level files
Result: NOTE
Non-standard files/directories found at top level:
‘getsp.class’ ‘getsp.java’ ‘version’
Flavors: r-devel-linux-x86_64-debian-clang, r-devel-linux-x86_64-debian-gcc, r-devel-linux-x86_64-fedora-clang, r-devel-linux-x86_64-fedora-gcc, r-patched-linux-x86_64, r-release-linux-x86_64
Version: 0.6-1
Check: R code for possible problems
Result: NOTE
.getJavaGDObject: no visible global function definition for ‘.jmkref’
JavaGD: no visible global function definition for ‘.jinit’
Flavors: r-devel-linux-x86_64-debian-clang, r-devel-linux-x86_64-debian-gcc, r-devel-linux-x86_64-fedora-clang, r-devel-linux-x86_64-fedora-gcc, r-devel-osx-x86_64-clang, r-devel-windows-ix86+x86_64