Last updated on 2014-10-10 15:49:10.
Flavor | Version | Tinstall | Tcheck | Ttotal | Status | Flags |
---|---|---|---|---|---|---|
r-devel-linux-x86_64-debian-clang | 1.5 | 2.66 | 18.80 | 21.46 | NOTE | |
r-devel-linux-x86_64-debian-gcc | 1.5 | 4.30 | 18.62 | 22.92 | NOTE | |
r-devel-linux-x86_64-fedora-clang | 1.5 | 54.75 | NOTE | |||
r-devel-linux-x86_64-fedora-gcc | 1.5 | 40.62 | NOTE | |||
r-devel-osx-x86_64-clang | 1.5 | 39.39 | NOTE | |||
r-devel-windows-ix86+x86_64 | 1.5 | 14.00 | 41.00 | 55.00 | NOTE | |
r-patched-linux-x86_64 | 1.5 | 4.05 | 19.23 | 23.28 | OK | |
r-patched-solaris-sparc | 1.5 | 274.90 | OK | |||
r-patched-solaris-x86 | 1.5 | 64.60 | OK | |||
r-release-linux-ix86 | 1.5 | 6.49 | 26.55 | 33.04 | OK | |
r-release-linux-x86_64 | 1.5 | 4.05 | 19.50 | 23.55 | OK | |
r-release-osx-x86_64-mavericks | 1.5 | ERROR | ||||
r-release-osx-x86_64-snowleopard | 1.5 | ERROR | ||||
r-release-windows-ix86+x86_64 | 1.5 | 14.00 | 45.00 | 59.00 | OK | |
r-oldrel-windows-ix86+x86_64 | 1.5 | 14.00 | 47.00 | 61.00 | OK |
Version: 1.5
Check: R code for possible problems
Result: NOTE
KalmanFilter: no visible global function definition for ‘TSdata’
Flavors: r-devel-linux-x86_64-debian-clang, r-devel-linux-x86_64-debian-gcc, r-devel-linux-x86_64-fedora-clang, r-devel-linux-x86_64-fedora-gcc, r-devel-osx-x86_64-clang, r-devel-windows-ix86+x86_64
Version: 1.5
Check: whether package can be installed
Result: ERROR
Installation failed.
Flavors: r-release-osx-x86_64-mavericks, r-release-osx-x86_64-snowleopard