CRAN Package Check Results for Package MCMC.OTU

Last updated on 2014-10-10 15:49:11.

Flavor Version Tinstall Tcheck Ttotal Status Flags
r-devel-linux-x86_64-debian-clang 1.0.8 4.24 53.66 57.90 NOTE
r-devel-linux-x86_64-debian-gcc 1.0.8 4.12 52.99 57.11 NOTE
r-devel-linux-x86_64-fedora-clang 1.0.8 183.19 NOTE
r-devel-linux-x86_64-fedora-gcc 1.0.8 132.98 NOTE
r-devel-osx-x86_64-clang 1.0.8 109.84 NOTE
r-devel-windows-ix86+x86_64 1.0.8 12.00 81.00 93.00 NOTE
r-patched-linux-x86_64 1.0.8 4.56 56.61 61.16 OK
r-patched-solaris-sparc 1.0.8 790.50 OK
r-patched-solaris-x86 1.0.8 180.90 OK
r-release-linux-ix86 1.0.8 5.35 68.98 74.33 OK
r-release-linux-x86_64 1.0.8 4.38 56.36 60.74 OK
r-release-osx-x86_64-mavericks 1.0.8 OK
r-release-osx-x86_64-snowleopard 1.0.8 OK
r-release-windows-ix86+x86_64 1.0.8 13.00 88.00 101.00 OK
r-oldrel-windows-ix86+x86_64 1.0.8 13.00 80.00 93.00 OK

Check Details

Version: 1.0.8
Check: R code for possible problems
Result: NOTE
    otuByAutocorr: no visible global function definition for ‘autocorr’
Flavors: r-devel-linux-x86_64-debian-clang, r-devel-linux-x86_64-debian-gcc, r-devel-linux-x86_64-fedora-clang, r-devel-linux-x86_64-fedora-gcc, r-devel-osx-x86_64-clang, r-devel-windows-ix86+x86_64