Last updated on 2014-10-10 15:49:11.
Flavor | Version | Tinstall | Tcheck | Ttotal | Status | Flags |
---|---|---|---|---|---|---|
r-devel-linux-x86_64-debian-clang | 1.1.3 | 4.29 | 58.89 | 63.18 | NOTE | |
r-devel-linux-x86_64-debian-gcc | 1.1.3 | 4.26 | 58.15 | 62.41 | NOTE | |
r-devel-linux-x86_64-fedora-clang | 1.1.3 | 189.33 | NOTE | |||
r-devel-linux-x86_64-fedora-gcc | 1.1.3 | 142.00 | NOTE | |||
r-devel-osx-x86_64-clang | 1.1.3 | 116.61 | NOTE | |||
r-devel-windows-ix86+x86_64 | 1.1.3 | 13.00 | 86.00 | 99.00 | NOTE | |
r-patched-linux-x86_64 | 1.1.3 | 4.35 | 59.48 | 63.83 | OK | |
r-patched-solaris-sparc | 1.1.3 | 839.10 | OK | |||
r-patched-solaris-x86 | 1.1.3 | 192.70 | OK | |||
r-release-linux-ix86 | 1.1.3 | 5.48 | 74.99 | 80.46 | OK | |
r-release-linux-x86_64 | 1.1.3 | 4.50 | 61.20 | 65.70 | OK | |
r-release-osx-x86_64-mavericks | 1.1.3 | OK | ||||
r-release-osx-x86_64-snowleopard | 1.1.3 | OK | ||||
r-release-windows-ix86+x86_64 | 1.1.3 | 12.00 | 92.00 | 104.00 | OK | |
r-oldrel-windows-ix86+x86_64 | 1.1.3 | 14.00 | 91.00 | 105.00 | OK |
Version: 1.1.3
Check: R code for possible problems
Result: NOTE
HPDplot: no visible global function definition for ‘HPDinterval’
HPDplotBygene: no visible global function definition for ‘HPDinterval’
HPDpoints: no visible global function definition for ‘HPDinterval’
Flavors: r-devel-linux-x86_64-debian-clang, r-devel-linux-x86_64-debian-gcc, r-devel-linux-x86_64-fedora-clang, r-devel-linux-x86_64-fedora-gcc, r-devel-osx-x86_64-clang, r-devel-windows-ix86+x86_64