Last updated on 2014-10-10 15:49:11.
Flavor | Version | Tinstall | Tcheck | Ttotal | Status | Flags |
---|---|---|---|---|---|---|
r-devel-linux-x86_64-debian-clang | 0.1402 | 0.90 | 24.86 | 25.76 | OK | |
r-devel-linux-x86_64-debian-gcc | 0.1402 | 0.86 | 24.75 | 25.61 | OK | |
r-devel-linux-x86_64-fedora-clang | 0.1402 | 59.97 | OK | |||
r-devel-linux-x86_64-fedora-gcc | 0.1402 | 48.60 | OK | |||
r-devel-osx-x86_64-clang | 0.1402 | 59.35 | OK | |||
r-devel-windows-ix86+x86_64 | 0.1402 | 4.00 | 42.00 | 46.00 | OK | |
r-patched-linux-x86_64 | 0.1402 | 0.91 | 26.33 | 27.24 | OK | |
r-patched-solaris-sparc | 0.1402 | 285.30 | OK | |||
r-patched-solaris-x86 | 0.1402 | 67.30 | OK | |||
r-release-linux-ix86 | 0.1402 | 1.29 | 32.91 | 34.20 | OK | |
r-release-linux-x86_64 | 0.1402 | 0.91 | 25.27 | 26.18 | OK | |
r-release-osx-x86_64-mavericks | 0.1402 | NOTE | ||||
r-release-osx-x86_64-snowleopard | 0.1402 | OK | ||||
r-release-windows-ix86+x86_64 | 0.1402 | 4.00 | 46.00 | 50.00 | OK | |
r-oldrel-windows-ix86+x86_64 | 0.1402 | 4.00 | 48.00 | 52.00 | OK |
Version: 0.1402
Check: re-building of vignette outputs
Result: NOTE
Error in re-building vignettes:
...
Warning: running command 'kpsewhich framed.sty' had status 1
Warning in test_latex_pkg("framed", system.file("misc", "framed.sty", package = "knitr")) :
unable to find LaTeX package 'framed'; will use a copy from knitr
Error in texi2dvi(file = file, pdf = TRUE, clean = clean, quiet = quiet, :
Running 'texi2dvi' on 'AsymptoticMarkowitz.tex' failed.
LaTeX errors:
! LaTeX Error: File `paralist.sty' not found.
Type X to quit or <RETURN> to proceed,
or enter new name. (Default extension: sty)
ign_test/MarkowitzR/vignettes/AsymptoticMarkowitz.tex:91: ==> Fatal error occu
rred, no output PDF file produced!
Calls: buildVignettes -> texi2pdf -> texi2dvi
Execution halted
Flavor: r-release-osx-x86_64-mavericks