CRAN Package Check Results for Package MetStaT

Last updated on 2014-10-10 15:49:12.

Flavor Version Tinstall Tcheck Ttotal Status Flags
r-devel-linux-x86_64-debian-clang 1.0 1.04 21.70 22.74 NOTE
r-devel-linux-x86_64-debian-gcc 1.0 1.02 21.90 22.91 NOTE
r-devel-linux-x86_64-fedora-clang 1.0 57.22 NOTE
r-devel-linux-x86_64-fedora-gcc 1.0 43.94 NOTE
r-devel-osx-x86_64-clang 1.0 44.57 NOTE
r-devel-windows-ix86+x86_64 1.0 5.00 36.00 41.00 NOTE
r-patched-linux-x86_64 1.0 1.07 22.34 23.41 NOTE
r-patched-solaris-sparc 1.0 272.70 NOTE
r-patched-solaris-x86 1.0 58.40 NOTE
r-release-linux-ix86 1.0 1.45 30.12 31.56 NOTE
r-release-linux-x86_64 1.0 1.06 22.86 23.92 NOTE
r-release-osx-x86_64-mavericks 1.0 NOTE
r-release-osx-x86_64-snowleopard 1.0 OK
r-release-windows-ix86+x86_64 1.0 4.00 38.00 42.00 NOTE
r-oldrel-windows-ix86+x86_64 1.0 5.00 41.00 46.00 NOTE

Check Details

Version: 1.0
Check: dependencies in R code
Result: NOTE
    Packages in Depends field not imported from:
     ‘MASS’ ‘abind’ ‘pls’
     These packages need to be imported from (in the NAMESPACE file)
     for when this namespace is loaded but not attached.
    See the information on DESCRIPTION files in the chapter ‘Creating R
    packages’ of the ‘Writing R Extensions’ manual.
Flavors: r-devel-linux-x86_64-debian-clang, r-devel-linux-x86_64-debian-gcc, r-devel-linux-x86_64-fedora-clang, r-devel-linux-x86_64-fedora-gcc, r-devel-osx-x86_64-clang, r-devel-windows-ix86+x86_64, r-patched-linux-x86_64, r-patched-solaris-sparc, r-patched-solaris-x86, r-release-linux-ix86, r-release-linux-x86_64, r-release-osx-x86_64-mavericks, r-release-windows-ix86+x86_64, r-oldrel-windows-ix86+x86_64

Version: 1.0
Check: R code for possible problems
Result: NOTE
    FoM.FitBinnedSampleRepeatErrors : local.fit.function: no visible global
     function definition for ‘rlm’
    RevNet.JacobianMethod : RevNet.FirstEstimate: no visible global
     function definition for ‘lm.ridge’
Flavors: r-devel-linux-x86_64-debian-clang, r-devel-linux-x86_64-debian-gcc, r-devel-linux-x86_64-fedora-clang, r-devel-linux-x86_64-fedora-gcc, r-devel-osx-x86_64-clang, r-devel-windows-ix86+x86_64