Last updated on 2014-10-10 15:49:14.
Flavor | Version | Tinstall | Tcheck | Ttotal | Status | Flags |
---|---|---|---|---|---|---|
r-devel-linux-x86_64-debian-clang | 0.1-3 | 1.24 | 9.68 | 10.91 | NOTE | |
r-devel-linux-x86_64-debian-gcc | 0.1-3 | 1.26 | 9.67 | 10.93 | NOTE | |
r-devel-linux-x86_64-fedora-clang | 0.1-3 | 27.96 | NOTE | |||
r-devel-linux-x86_64-fedora-gcc | 0.1-3 | 20.51 | NOTE | |||
r-devel-osx-x86_64-clang | 0.1-3 | 24.07 | NOTE | |||
r-patched-linux-x86_64 | 0.1-3 | 1.24 | 9.18 | 10.42 | NOTE | |
r-release-linux-ix86 | 0.1-3 | 0.81 | 14.42 | 15.22 | NOTE | --install=fake |
r-release-linux-x86_64 | 0.1-3 | 1.22 | 9.08 | 10.30 | NOTE | |
r-release-osx-x86_64-mavericks | 0.1-3 | ERROR | ||||
r-release-osx-x86_64-snowleopard | 0.1-3 | ERROR |
Version: 0.1-3
Check: DESCRIPTION meta-information
Result: NOTE
Deprecated license: BSD
Flavors: r-devel-linux-x86_64-debian-clang, r-devel-linux-x86_64-debian-gcc, r-devel-linux-x86_64-fedora-clang, r-devel-linux-x86_64-fedora-gcc, r-devel-osx-x86_64-clang, r-patched-linux-x86_64, r-release-linux-x86_64
Version: 0.1-3
Check: top-level files
Result: NOTE
File
LICENSE
is not mentioned in the DESCRIPTION file.
Flavors: r-devel-linux-x86_64-debian-clang, r-devel-linux-x86_64-debian-gcc, r-devel-linux-x86_64-fedora-clang, r-devel-linux-x86_64-fedora-gcc, r-devel-osx-x86_64-clang, r-patched-linux-x86_64, r-release-linux-x86_64
Version: 0.1-3
Flags: --install=fake
Check: DESCRIPTION meta-information
Result: NOTE
Deprecated license: BSD
Flavor: r-release-linux-ix86
Version: 0.1-3
Flags: --install=fake
Check: top-level files
Result: NOTE
File
LICENSE
is not mentioned in the DESCRIPTION file.
Flavor: r-release-linux-ix86
Version: 0.1-3
Check: whether package can be installed
Result: ERROR
Installation failed.
Flavors: r-release-osx-x86_64-mavericks, r-release-osx-x86_64-snowleopard