Last updated on 2014-10-10 15:49:15.
Flavor | Version | Tinstall | Tcheck | Ttotal | Status | Flags |
---|---|---|---|---|---|---|
r-devel-linux-x86_64-debian-clang | 0.6 | 1.00 | 15.55 | 16.55 | OK | |
r-devel-linux-x86_64-debian-gcc | 0.6 | 0.94 | 15.72 | 16.66 | OK | |
r-devel-linux-x86_64-fedora-clang | 0.6 | 39.41 | OK | |||
r-devel-linux-x86_64-fedora-gcc | 0.6 | 18.16 | OK | |||
r-devel-osx-x86_64-clang | 0.6 | 35.90 | NOTE | |||
r-devel-windows-ix86+x86_64 | 0.6 | 4.00 | 26.00 | 30.00 | NOTE | |
r-patched-linux-x86_64 | 0.6 | 0.96 | 21.16 | 22.13 | OK | |
r-patched-solaris-sparc | 0.6 | 221.00 | NOTE | |||
r-patched-solaris-x86 | 0.6 | 54.60 | NOTE | |||
r-release-linux-ix86 | 0.5-1 | 0.36 | 2.40 | 2.76 | ERROR | |
r-release-linux-x86_64 | 0.6 | 0.95 | 20.03 | 20.98 | OK | |
r-release-osx-x86_64-mavericks | 0.6 | NOTE | ||||
r-release-osx-x86_64-snowleopard | 0.6 | OK | ||||
r-release-windows-ix86+x86_64 | 0.6 | 4.00 | 34.00 | 38.00 | NOTE | |
r-oldrel-windows-ix86+x86_64 | 0.6 | 4.00 | 31.00 | 35.00 | NOTE |
Version: 0.6
Check: package dependencies
Result: NOTE
Package suggested but not available for checking: ‘RMySQL’
Flavors: r-devel-osx-x86_64-clang, r-devel-windows-ix86+x86_64, r-patched-solaris-sparc, r-patched-solaris-x86, r-release-windows-ix86+x86_64, r-oldrel-windows-ix86+x86_64
Version: 0.5-1
Check: package dependencies
Result: NOTE
Package suggested but not available for checking: ‘Defaults’
Flavor: r-release-linux-ix86
Version: 0.5-1
Check: whether package can be installed
Result: ERROR
Installation failed.
Flavor: r-release-linux-ix86
Version: 0.6
Check: package dependencies
Result: NOTE
Packages suggested but not available for checking:
‘RMySQL’ ‘RODBC’ ‘RPostgreSQL’
Flavor: r-release-osx-x86_64-mavericks