Last updated on 2014-10-10 15:49:15.
Flavor | Version | Tinstall | Tcheck | Ttotal | Status | Flags |
---|---|---|---|---|---|---|
r-devel-linux-x86_64-debian-clang | 0.0-7 | 1.07 | 25.28 | 26.35 | OK | |
r-devel-linux-x86_64-debian-gcc | 0.0-7 | 1.04 | 24.50 | 25.53 | OK | |
r-devel-linux-x86_64-fedora-clang | 0.0-7 | 61.12 | OK | |||
r-devel-linux-x86_64-fedora-gcc | 0.0-7 | 48.28 | OK | |||
r-devel-osx-x86_64-clang | 0.0-7 | 50.73 | OK | |||
r-devel-windows-ix86+x86_64 | 0.0-7 | 4.00 | 38.00 | 42.00 | OK | |
r-patched-linux-x86_64 | 0.0-7 | 1.06 | 26.15 | 27.20 | OK | |
r-patched-solaris-sparc | 0.0-7 | 302.60 | OK | |||
r-patched-solaris-x86 | 0.0-7 | 65.10 | OK | |||
r-release-linux-ix86 | 0.0-7 | 1.45 | 33.16 | 34.61 | OK | |
r-release-linux-x86_64 | 0.0-7 | 1.06 | 26.28 | 27.34 | OK | |
r-release-osx-x86_64-mavericks | 0.0-7 | NOTE | ||||
r-release-osx-x86_64-snowleopard | 0.0-7 | OK | ||||
r-release-windows-ix86+x86_64 | 0.0-7 | 5.00 | 38.00 | 43.00 | OK | |
r-oldrel-windows-ix86+x86_64 | 0.0-7 | 4.00 | 47.00 | 51.00 | OK |
Version: 0.0-7
Check: re-building of vignette outputs
Result: NOTE
Error in re-building vignettes:
...
Warning in fs_truthTable(Lipset_fs, "Survived.FZ", conditions, consistency = 0.7) :
It is suggested that consistency_cutoff be >= 0.75.
Warning in fs_truthTable(Lipset_fs, "Not.Survived", conditions, consistency = 0.7) :
It is suggested that consistency_cutoff be >= 0.75.
Error in texi2dvi(file = file, pdf = TRUE, clean = clean, quiet = quiet, :
Running 'texi2dvi' on 'QCA3.tex' failed.
LaTeX errors:
! LaTeX Error: File `a4wide.sty' not found.
Type X to quit or <RETURN> to proceed,
or enter new name. (Default extension: sty)
st/QCA3/vignettes/QCA3.tex:3: ==> Fatal error occurred, no output PDF file pro
duced!
Calls: buildVignettes -> texi2pdf -> texi2dvi
Execution halted
Flavor: r-release-osx-x86_64-mavericks