CRAN Package Check Results for Package R6

Last updated on 2014-10-10 15:49:16.

Flavor Version Tinstall Tcheck Ttotal Status Flags
r-devel-linux-x86_64-debian-clang 2.0 0.61 12.64 13.25 OK
r-devel-linux-x86_64-debian-gcc 2.0 0.59 12.28 12.88 OK
r-devel-linux-x86_64-fedora-clang 2.0 30.42 OK
r-devel-linux-x86_64-fedora-gcc 2.0 24.22 OK
r-devel-osx-x86_64-clang 2.0 29.37 NOTE
r-devel-windows-ix86+x86_64 2.0 3.00 20.00 23.00 NOTE
r-patched-linux-x86_64 2.0 0.82 12.81 13.62 OK
r-patched-solaris-sparc 2.0 134.60 OK
r-patched-solaris-x86 2.0 36.90 NOTE
r-release-linux-ix86 2.0 0.81 19.55 20.36 OK
r-release-linux-x86_64 2.0 0.90 12.95 13.84 OK
r-release-osx-x86_64-mavericks 2.0 OK
r-release-osx-x86_64-snowleopard 2.0 OK
r-release-windows-ix86+x86_64 2.0 2.00 23.00 25.00 NOTE
r-oldrel-windows-ix86+x86_64 2.0 2.00 22.00 24.00 NOTE

Check Details

Version: 2.0
Check: re-building of vignette outputs
Result: NOTE
    Error in re-building vignettes:
     ...
    Error: processing vignette 'Introduction.Rmd' failed with diagnostics:
    pandoc version 1.12.3 or higher is required and was not found.
    Execution halted
Flavors: r-devel-osx-x86_64-clang, r-devel-windows-ix86+x86_64, r-patched-solaris-x86, r-release-windows-ix86+x86_64, r-oldrel-windows-ix86+x86_64